{"id":926,"date":"2010-06-30T17:40:49","date_gmt":"2010-06-30T17:40:49","guid":{"rendered":"https:\/\/www.gruene-hessen.de\/partei\/"},"modified":"2012-05-07T09:18:31","modified_gmt":"2012-05-07T09:18:31","slug":"links","status":"publish","type":"page","link":"https:\/\/www.gruene-hessen.de\/partei\/links\/","title":{"rendered":"GR\u00dcNE Links"},"content":{"rendered":"<h2>Hessen<\/h2>\n<ul>\n<li><a title=\"Zur Webseite der Landtagsfraktion\" href=\"http:\/\/www.gruene-fraktion-hessen.de\" target=\"_blank\">Landtagsfraktion von B\u00dcNDNIS 90\/DIE GR\u00dcNEN<\/a><\/li>\n<li><a href=\"https:\/\/www.gruene-hessen.de\/partei\/gruene-vor-ort-in-hessen\/\">GR\u00dcNE Kreisverb\u00e4nde in Hessen<\/a><\/li>\n<li><a title=\"Zur Webseite der GAK e.V.\" href=\"http:\/\/www.gak-hessen.de\/\" target=\"_blank\">Gr\u00fcnen und Alternativen in den Kommunalvertretungen Hessen e.V. (GAK)<\/a><\/li>\n<li><a title=\"Zur Webseite der HBS\" href=\"http:\/\/www.hbs-hessen.de\/\" target=\"_blank\">Heinrich-B\u00f6ll-Stiftung Hessen (HBS)<\/a><\/li>\n<li><a title=\"Zur Webseite der GJH\" href=\"http:\/\/www.gjh.de\/\" target=\"_blank\">GR\u00dcNE Jugend Hessen\u00a0 (GJH)<\/a><\/li>\n<\/ul>\n<h3>Mitglieder des Landesvorstands<\/h3>\n<ul>\n<li><a title=\"Zur Webseite von Tarek Al-Wazir\" href=\"http:\/\/www.al-wazir.de\" target=\"_blank\">Tarek Al-Wazir, MdL<\/a><\/li>\n<li><a title=\"Zur Webseite von Kordula Schulz-Asche\" href=\"http:\/\/www.schulz-asche.de\" target=\"_blank\">Kordula Schulz-Asche, MdL<\/a><\/li>\n<\/ul>\n<p><a class=\"anker\" name=\"bundestagsabgeordnete\"><\/a><\/p>\n<h3>Bundestagsabgeordnete aus Hessen<\/h3>\n<ul>\n<li><a title=\"Zur Webseite von Priska Hinz\" href=\"http:\/\/www.priska-hinz.de\/\" target=\"_blank\">Priska Hinz<\/a><\/li>\n<li><a title=\"Zur Webseite von Tom Koenigs\" href=\"http:\/\/www.tomkoenigs.de\/\" target=\"_blank\">Tom Koenigs<\/a><\/li>\n<li><a title=\"Zur Webseite von Nicole Maisch\" href=\"http:\/\/www.nicolemaisch.de\/\" target=\"_blank\">Nicole Maisch<\/a><\/li>\n<li><a title=\"Zur Webseite von Omid Nouripour\" href=\"http:\/\/www.nouripour.de\/\" target=\"_blank\">Omid Nouripour<\/a><\/li>\n<li><a title=\"Zur Webseite von Dr. Wolfgang Strengmann-Kuhn\" href=\"http:\/\/www.strengmann-kuhn.de\/\" target=\"_blank\">Dr. Wolfgang Strengmann-Kuhn<\/a><\/li>\n<li><a title=\"Zur Webseite von Daniela Wagner\" href=\"http:\/\/www.daniela-wagner.net\/\" target=\"_blank\">Daniela Wagner<\/a><\/li>\n<\/ul>\n<hr \/>\n<h2>Deutschland<\/h2>\n<ul>\n<li><a title=\"Zur Webseite der Bundespartei\" href=\"http:\/\/www.gruene.de\/\" target=\"_blank\">Bundespartei<\/a><\/li>\n<li><a title=\"Zur Webseite der Bundestagsfraktion\" href=\"http:\/\/www.gruene-bundestag.de\" target=\"_blank\">Bundestagsfraktion<\/a><\/li>\n<li><a title=\"Zur Webseite der GJ\" href=\"http:\/\/www.gruene-jugend.de\/\" target=\"_blank\">GR\u00dcNE JUGEND (GJ)<\/a><\/li>\n<li><a title=\"Zur Webseite der GR\u00dcNEN Alten\" href=\"http:\/\/www.gruene-alte.de\/\" target=\"_blank\">Die GR\u00dcNEN Alten<\/a><\/li>\n<li><a title=\"Zur Webseite der Heinrich B\u00f6ll Stiftung\" href=\"http:\/\/www.boell.de\/\" target=\"_blank\">Heinrich B\u00f6ll Stiftung<\/a><\/li>\n<\/ul>\n<hr \/>\n<h2>Europa<\/h2>\n<ul>\n<li><a title=\"Zur Webseite von Martin H\u00e4usling\" href=\"http:\/\/martin-haeusling.eu\/\" target=\"_blank\">Martin H\u00e4usling, MdEP aus Hessen<\/a><\/li>\n<li><a title=\"Zur Webseite der deutschen GR\u00dcNEN im Europ\u00e4ischen Parlament\" href=\"http:\/\/www.gruene-europa.de\" target=\"_blank\">Europagruppe GR\u00dcNE (die deutschen Abgeordneten der GR\u00dcNEN im Europ\u00e4ischen Parlament)<\/a><\/li>\n<li><a title=\"Zur Webseite der europ\u00e4ischen Gr\u00fcnen\" href=\"http:\/\/europeangreens.eu\/\" target=\"_blank\">Die europ\u00e4ische Gr\u00fcne Partei<\/a><\/li>\n<li><a title=\"Zur Webseite der Gr\u00fcnen Fraktionen im Europ\u00e4ischen Parlament\" href=\"http:\/\/www.greens-efa.org\" target=\"_blank\">Die Gr\u00fcnen im Europ\u00e4ischen Parlament &#8211; Europafraktion (EFA) <\/a><\/li>\n<\/ul>\n","protected":false},"excerpt":{"rendered":"<p>Hessen Landtagsfraktion von B\u00dcNDNIS 90\/DIE GR\u00dcNEN Gr\u00fcnen und Alternativen in den Kommunalvertretungen Hessen e.V. (GAK) Heinrich-B\u00f6ll-Stiftung Hessen (HBS) GR\u00dcNE Jugend Hessen\u00a0 (GJH) Mitglieder des Landesvorstands Tarek Al-Wazir, MdL Kordula Schulz-Asche, MdL Bundestagsabgeordnete aus Hessen Priska Hinz Tom Koenigs Nicole Maisch Omid Nouripour Dr. Wolfgang Strengmann-Kuhn Daniela Wagner Deutschland Bundespartei Bundestagsfraktion GR\u00dcNE JUGEND (GJ) Die GR\u00dcNEN [&hellip;]<\/p>\n","protected":false},"author":3,"featured_media":0,"parent":0,"menu_order":0,"comment_status":"open","ping_status":"open","template":"","meta":{"_acf_changed":false,"ngg_post_thumbnail":0,"footnotes":""},"class_list":["post-926","page","type-page","status-publish","hentry"],"acf":[],"yoast_head":"<!-- This site is optimized with the Yoast SEO plugin v27.4 - https:\/\/yoast.com\/product\/yoast-seo-wordpress\/ -->\n<title>GR\u00dcNE Links - Landesverband B\u00dcNDNIS 90\/DIE GR\u00dcNEN Hessen<\/title>\n<meta name=\"robots\" content=\"index, follow, max-snippet:-1, max-image-preview:large, max-video-preview:-1\" \/>\n<link rel=\"canonical\" href=\"https:\/\/www.gruene-hessen.de\/partei\/links\/\" \/>\n<meta property=\"og:locale\" content=\"de_DE\" \/>\n<meta property=\"og:type\" content=\"article\" \/>\n<meta property=\"og:title\" content=\"GR\u00dcNE Links - Landesverband B\u00dcNDNIS 90\/DIE GR\u00dcNEN Hessen\" \/>\n<meta property=\"og:description\" content=\"Hessen Landtagsfraktion von B\u00dcNDNIS 90\/DIE GR\u00dcNEN Gr\u00fcnen und Alternativen in den Kommunalvertretungen Hessen e.V. (GAK) Heinrich-B\u00f6ll-Stiftung Hessen (HBS) GR\u00dcNE Jugend Hessen\u00a0 (GJH) Mitglieder des Landesvorstands Tarek Al-Wazir, MdL Kordula Schulz-Asche, MdL Bundestagsabgeordnete aus Hessen Priska Hinz Tom Koenigs Nicole Maisch Omid Nouripour Dr. Wolfgang Strengmann-Kuhn Daniela Wagner Deutschland Bundespartei Bundestagsfraktion GR\u00dcNE JUGEND (GJ) Die GR\u00dcNEN [&hellip;]\" \/>\n<meta property=\"og:url\" content=\"https:\/\/www.gruene-hessen.de\/partei\/links\/\" \/>\n<meta property=\"og:site_name\" content=\"Landesverband B\u00dcNDNIS 90\/DIE GR\u00dcNEN Hessen\" \/>\n<meta property=\"article:modified_time\" content=\"2012-05-07T09:18:31+00:00\" \/>\n<meta name=\"twitter:card\" content=\"summary_large_image\" \/>\n<meta name=\"twitter:label1\" content=\"Gesch\u00e4tzte Lesezeit\" \/>\n\t<meta name=\"twitter:data1\" content=\"1\u00a0Minute\" \/>\n<script type=\"application\/ld+json\" class=\"yoast-schema-graph\">{\"@context\":\"https:\\\/\\\/schema.org\",\"@graph\":[{\"@type\":\"WebPage\",\"@id\":\"https:\\\/\\\/www.gruene-hessen.de\\\/partei\\\/links\\\/\",\"url\":\"https:\\\/\\\/www.gruene-hessen.de\\\/partei\\\/links\\\/\",\"name\":\"GR\u00dcNE Links - Landesverband B\u00dcNDNIS 90\\\/DIE GR\u00dcNEN Hessen\",\"isPartOf\":{\"@id\":\"https:\\\/\\\/www.gruene-hessen.de\\\/partei\\\/#website\"},\"datePublished\":\"2010-06-30T17:40:49+00:00\",\"dateModified\":\"2012-05-07T09:18:31+00:00\",\"breadcrumb\":{\"@id\":\"https:\\\/\\\/www.gruene-hessen.de\\\/partei\\\/links\\\/#breadcrumb\"},\"inLanguage\":\"de\",\"potentialAction\":[{\"@type\":\"ReadAction\",\"target\":[\"https:\\\/\\\/www.gruene-hessen.de\\\/partei\\\/links\\\/\"]}]},{\"@type\":\"BreadcrumbList\",\"@id\":\"https:\\\/\\\/www.gruene-hessen.de\\\/partei\\\/links\\\/#breadcrumb\",\"itemListElement\":[{\"@type\":\"ListItem\",\"position\":1,\"name\":\"Startseite\",\"item\":\"https:\\\/\\\/www.gruene-hessen.de\\\/partei\\\/\"},{\"@type\":\"ListItem\",\"position\":2,\"name\":\"GR\u00dcNE Links\"}]},{\"@type\":\"WebSite\",\"@id\":\"https:\\\/\\\/www.gruene-hessen.de\\\/partei\\\/#website\",\"url\":\"https:\\\/\\\/www.gruene-hessen.de\\\/partei\\\/\",\"name\":\"Landesverband B\u00dcNDNIS 90\\\/DIE GR\u00dcNEN Hessen\",\"description\":\"\",\"potentialAction\":[{\"@type\":\"SearchAction\",\"target\":{\"@type\":\"EntryPoint\",\"urlTemplate\":\"https:\\\/\\\/www.gruene-hessen.de\\\/partei\\\/?s={search_term_string}\"},\"query-input\":{\"@type\":\"PropertyValueSpecification\",\"valueRequired\":true,\"valueName\":\"search_term_string\"}}],\"inLanguage\":\"de\"}]}<\/script>\n<!-- \/ Yoast SEO plugin. -->","yoast_head_json":{"title":"GR\u00dcNE Links - Landesverband B\u00dcNDNIS 90\/DIE GR\u00dcNEN Hessen","robots":{"index":"index","follow":"follow","max-snippet":"max-snippet:-1","max-image-preview":"max-image-preview:large","max-video-preview":"max-video-preview:-1"},"canonical":"https:\/\/www.gruene-hessen.de\/partei\/links\/","og_locale":"de_DE","og_type":"article","og_title":"GR\u00dcNE Links - Landesverband B\u00dcNDNIS 90\/DIE GR\u00dcNEN Hessen","og_description":"Hessen Landtagsfraktion von B\u00dcNDNIS 90\/DIE GR\u00dcNEN Gr\u00fcnen und Alternativen in den Kommunalvertretungen Hessen e.V. (GAK) Heinrich-B\u00f6ll-Stiftung Hessen (HBS) GR\u00dcNE Jugend Hessen\u00a0 (GJH) Mitglieder des Landesvorstands Tarek Al-Wazir, MdL Kordula Schulz-Asche, MdL Bundestagsabgeordnete aus Hessen Priska Hinz Tom Koenigs Nicole Maisch Omid Nouripour Dr. Wolfgang Strengmann-Kuhn Daniela Wagner Deutschland Bundespartei Bundestagsfraktion GR\u00dcNE JUGEND (GJ) Die GR\u00dcNEN [&hellip;]","og_url":"https:\/\/www.gruene-hessen.de\/partei\/links\/","og_site_name":"Landesverband B\u00dcNDNIS 90\/DIE GR\u00dcNEN Hessen","article_modified_time":"2012-05-07T09:18:31+00:00","twitter_card":"summary_large_image","twitter_misc":{"Gesch\u00e4tzte Lesezeit":"1\u00a0Minute"},"schema":{"@context":"https:\/\/schema.org","@graph":[{"@type":"WebPage","@id":"https:\/\/www.gruene-hessen.de\/partei\/links\/","url":"https:\/\/www.gruene-hessen.de\/partei\/links\/","name":"GR\u00dcNE Links - Landesverband B\u00dcNDNIS 90\/DIE GR\u00dcNEN Hessen","isPartOf":{"@id":"https:\/\/www.gruene-hessen.de\/partei\/#website"},"datePublished":"2010-06-30T17:40:49+00:00","dateModified":"2012-05-07T09:18:31+00:00","breadcrumb":{"@id":"https:\/\/www.gruene-hessen.de\/partei\/links\/#breadcrumb"},"inLanguage":"de","potentialAction":[{"@type":"ReadAction","target":["https:\/\/www.gruene-hessen.de\/partei\/links\/"]}]},{"@type":"BreadcrumbList","@id":"https:\/\/www.gruene-hessen.de\/partei\/links\/#breadcrumb","itemListElement":[{"@type":"ListItem","position":1,"name":"Startseite","item":"https:\/\/www.gruene-hessen.de\/partei\/"},{"@type":"ListItem","position":2,"name":"GR\u00dcNE Links"}]},{"@type":"WebSite","@id":"https:\/\/www.gruene-hessen.de\/partei\/#website","url":"https:\/\/www.gruene-hessen.de\/partei\/","name":"Landesverband B\u00dcNDNIS 90\/DIE GR\u00dcNEN Hessen","description":"","potentialAction":[{"@type":"SearchAction","target":{"@type":"EntryPoint","urlTemplate":"https:\/\/www.gruene-hessen.de\/partei\/?s={search_term_string}"},"query-input":{"@type":"PropertyValueSpecification","valueRequired":true,"valueName":"search_term_string"}}],"inLanguage":"de"}]}},"_links":{"self":[{"href":"https:\/\/www.gruene-hessen.de\/partei\/wp-json\/wp\/v2\/pages\/926","targetHints":{"allow":["GET"]}}],"collection":[{"href":"https:\/\/www.gruene-hessen.de\/partei\/wp-json\/wp\/v2\/pages"}],"about":[{"href":"https:\/\/www.gruene-hessen.de\/partei\/wp-json\/wp\/v2\/types\/page"}],"author":[{"embeddable":true,"href":"https:\/\/www.gruene-hessen.de\/partei\/wp-json\/wp\/v2\/users\/3"}],"replies":[{"embeddable":true,"href":"https:\/\/www.gruene-hessen.de\/partei\/wp-json\/wp\/v2\/comments?post=926"}],"version-history":[{"count":0,"href":"https:\/\/www.gruene-hessen.de\/partei\/wp-json\/wp\/v2\/pages\/926\/revisions"}],"wp:attachment":[{"href":"https:\/\/www.gruene-hessen.de\/partei\/wp-json\/wp\/v2\/media?parent=926"}],"curies":[{"name":"wp","href":"https:\/\/api.w.org\/{rel}","templated":true}]}}