{"id":646,"date":"2010-06-25T10:50:19","date_gmt":"2010-06-25T10:50:19","guid":{"rendered":"https:\/\/www.gruene-hessen.de\/partei\/"},"modified":"2012-08-21T08:56:30","modified_gmt":"2012-08-21T08:56:30","slug":"gremien-organisation","status":"publish","type":"page","link":"https:\/\/www.gruene-hessen.de\/partei\/gremien-organisation\/","title":{"rendered":"Gremien &amp; Organisation"},"content":{"rendered":"<div id=\"attachment_2433\" class=\"wp-caption aligncenter\" style=\"max-width: 635px; width: 100%;\"><a href=\"https:\/\/www.gruene-hessen.de\/partei\/files\/2010\/06\/Organigramm2.pdf\"><img loading=\"lazy\" decoding=\"async\" class=\"size-full wp-image-2433 \" title=\"Organigramm von B\u00dcNDNIS 90\/DIE GR\u00dcNEN Hessen\" src=\"https:\/\/www.gruene-hessen.de\/partei\/files\/2010\/06\/Organigramm2.png\" alt=\"Organigramm von B\u00dcNDNIS 90\/DIE GR\u00dcNEN Hessen\" width=\"635\" height=\"449\" srcset=\"https:\/\/www.gruene-hessen.de\/partei\/wp-content\/blogs.dir\/3\/files\/2010\/06\/Organigramm2.png 635w, https:\/\/www.gruene-hessen.de\/partei\/wp-content\/blogs.dir\/3\/files\/2010\/06\/Organigramm2-240x169.png 240w, https:\/\/www.gruene-hessen.de\/partei\/wp-content\/blogs.dir\/3\/files\/2010\/06\/Organigramm2-160x113.png 160w\" sizes=\"auto, (max-width: 635px) 100vw, 635px\" \/><\/a><div class=\"wp-caption-wrapper\"><p class=\"wp-caption-text\">Organigramm von B\u00dcNDNIS 90\/DIE GR\u00dcNEN Hessen<\/p><\/div><\/div>\n<p><strong>Strukturen, Funktionen und Personen<\/strong><\/p>\n<p>So funktionieren wir: Hier erhalten Sie einen \u00dcberblick dar\u00fcber, wie B\u00fcndnis 90\/DIE GR\u00dcNEN Hessen arbeitet. Au\u00dferdem: Jede Menge Fakten und die wichtigsten Gremien.<\/p>\n<ul>\n<li><a href=\"https:\/\/www.gruene-hessen.de\/partei\/files\/2010\/06\/Organigramm2.pdf\">Organigramm der hessischen GR\u00dcNEN<\/a><\/li>\n<li><a title=\"Zur Seite des Landesvorstands\" href=\"https:\/\/www.gruene-hessen.de\/partei\/gremien\/landesvorstand\/\">Landesvorstand<\/a>, <a title=\"Zur Seite des Parteirats\" href=\"https:\/\/www.gruene-hessen.de\/partei\/gremien\/parteirat\/\">Parteirat<\/a>,<a title=\"Zur Seite der Landesmitgliederversammlung\" href=\"https:\/\/www.gruene-hessen.de\/partei\/gremien\/landesmitgliederversammlung\/\"><strong> <\/strong>Landesmitgliederversammlung<\/a>, <a title=\"Zur Seite des Landesfrauenrates\" href=\"https:\/\/www.gruene-hessen.de\/partei\/gremien\/landesfrauenrat\/\">Landesfrauenrat<\/a>, <a title=\"Zur Seite des Landesfinanzrates\" href=\"https:\/\/www.gruene-hessen.de\/partei\/gremien\/landesfinanzrat\/\">Landesfinanzrat<\/a>, <a title=\"Zur Seite des Landesschiedsgerichts\" href=\"https:\/\/www.gruene-hessen.de\/partei\/gremien\/landesschiedsgericht\/\">Landesschiedsgericht<\/a>, <a title=\"Zur Seite der Landesarbeitsgemeinschaften\" href=\"https:\/\/www.gruene-hessen.de\/partei\/gremien\/landesarbeitsgemeinschaften\/\">Landesarbeitsgemeinschaften (LAGen)<\/a>.<\/li>\n<li><a href=\"#\" class=\"missingLink\">Landesgesch\u00e4ftsstelle<\/a><\/li>\n<li><a href=\"https:\/\/www.gruene-hessen.de\/partei\/gruene-programme\/\">GR\u00dcNE Dokumente und Programme<\/a><\/li>\n<li><a href=\"http:\/\/www.gjh.de\/\" target=\"_blank\">GR\u00dcNE Jugend Hessen<\/a><\/li>\n<\/ul>\n","protected":false},"excerpt":{"rendered":"<p>Strukturen, Funktionen und Personen So funktionieren wir: Hier erhalten Sie einen \u00dcberblick dar\u00fcber, wie B\u00fcndnis 90\/DIE GR\u00dcNEN Hessen arbeitet. Au\u00dferdem: Jede Menge Fakten und die wichtigsten Gremien. Organigramm der hessischen GR\u00dcNEN Landesvorstand, Parteirat, Landesmitgliederversammlung, Landesfrauenrat, Landesfinanzrat, Landesschiedsgericht, Landesarbeitsgemeinschaften (LAGen). GR\u00dcNE Jugend Hessen<\/p>\n","protected":false},"author":3,"featured_media":2384,"parent":0,"menu_order":0,"comment_status":"open","ping_status":"open","template":"","meta":{"_acf_changed":false,"ngg_post_thumbnail":0,"footnotes":""},"class_list":["post-646","page","type-page","status-publish","has-post-thumbnail","hentry"],"acf":[],"yoast_head":"<!-- This site is optimized with the Yoast SEO plugin v27.3 - https:\/\/yoast.com\/product\/yoast-seo-wordpress\/ -->\n<title>Gremien &amp; Organisation - Landesverband B\u00dcNDNIS 90\/DIE GR\u00dcNEN Hessen<\/title>\n<meta name=\"robots\" content=\"index, follow, max-snippet:-1, max-image-preview:large, max-video-preview:-1\" \/>\n<link rel=\"canonical\" href=\"https:\/\/www.gruene-hessen.de\/partei\/gremien-organisation\/\" \/>\n<meta property=\"og:locale\" content=\"de_DE\" \/>\n<meta property=\"og:type\" content=\"article\" \/>\n<meta property=\"og:title\" content=\"Gremien &amp; Organisation - Landesverband B\u00dcNDNIS 90\/DIE GR\u00dcNEN Hessen\" \/>\n<meta property=\"og:description\" content=\"Strukturen, Funktionen und Personen So funktionieren wir: Hier erhalten Sie einen \u00dcberblick dar\u00fcber, wie B\u00fcndnis 90\/DIE GR\u00dcNEN Hessen arbeitet. Au\u00dferdem: Jede Menge Fakten und die wichtigsten Gremien. Organigramm der hessischen GR\u00dcNEN Landesvorstand, Parteirat, Landesmitgliederversammlung, Landesfrauenrat, Landesfinanzrat, Landesschiedsgericht, Landesarbeitsgemeinschaften (LAGen). GR\u00dcNE Jugend Hessen\" \/>\n<meta property=\"og:url\" content=\"https:\/\/www.gruene-hessen.de\/partei\/gremien-organisation\/\" \/>\n<meta property=\"og:site_name\" content=\"Landesverband B\u00dcNDNIS 90\/DIE GR\u00dcNEN Hessen\" \/>\n<meta property=\"article:modified_time\" content=\"2012-08-21T08:56:30+00:00\" \/>\n<meta property=\"og:image\" content=\"https:\/\/www.gruene-hessen.de\/partei\/files\/2010\/06\/gremien.jpg\" \/>\n\t<meta property=\"og:image:width\" content=\"705\" \/>\n\t<meta property=\"og:image:height\" content=\"160\" \/>\n\t<meta property=\"og:image:type\" content=\"image\/jpeg\" \/>\n<meta name=\"twitter:card\" content=\"summary_large_image\" \/>\n<script type=\"application\/ld+json\" class=\"yoast-schema-graph\">{\"@context\":\"https:\\\/\\\/schema.org\",\"@graph\":[{\"@type\":\"WebPage\",\"@id\":\"https:\\\/\\\/www.gruene-hessen.de\\\/partei\\\/gremien-organisation\\\/\",\"url\":\"https:\\\/\\\/www.gruene-hessen.de\\\/partei\\\/gremien-organisation\\\/\",\"name\":\"Gremien &amp; Organisation - Landesverband B\u00dcNDNIS 90\\\/DIE GR\u00dcNEN Hessen\",\"isPartOf\":{\"@id\":\"https:\\\/\\\/www.gruene-hessen.de\\\/partei\\\/#website\"},\"primaryImageOfPage\":{\"@id\":\"https:\\\/\\\/www.gruene-hessen.de\\\/partei\\\/gremien-organisation\\\/#primaryimage\"},\"image\":{\"@id\":\"https:\\\/\\\/www.gruene-hessen.de\\\/partei\\\/gremien-organisation\\\/#primaryimage\"},\"thumbnailUrl\":\"https:\\\/\\\/www.gruene-hessen.de\\\/partei\\\/files\\\/2010\\\/06\\\/gremien.jpg\",\"datePublished\":\"2010-06-25T10:50:19+00:00\",\"dateModified\":\"2012-08-21T08:56:30+00:00\",\"breadcrumb\":{\"@id\":\"https:\\\/\\\/www.gruene-hessen.de\\\/partei\\\/gremien-organisation\\\/#breadcrumb\"},\"inLanguage\":\"de\",\"potentialAction\":[{\"@type\":\"ReadAction\",\"target\":[\"https:\\\/\\\/www.gruene-hessen.de\\\/partei\\\/gremien-organisation\\\/\"]}]},{\"@type\":\"ImageObject\",\"inLanguage\":\"de\",\"@id\":\"https:\\\/\\\/www.gruene-hessen.de\\\/partei\\\/gremien-organisation\\\/#primaryimage\",\"url\":\"https:\\\/\\\/www.gruene-hessen.de\\\/partei\\\/files\\\/2010\\\/06\\\/gremien.jpg\",\"contentUrl\":\"https:\\\/\\\/www.gruene-hessen.de\\\/partei\\\/files\\\/2010\\\/06\\\/gremien.jpg\",\"width\":705,\"height\":160,\"caption\":\"Headerbild: Gremien und Organisation\"},{\"@type\":\"BreadcrumbList\",\"@id\":\"https:\\\/\\\/www.gruene-hessen.de\\\/partei\\\/gremien-organisation\\\/#breadcrumb\",\"itemListElement\":[{\"@type\":\"ListItem\",\"position\":1,\"name\":\"Startseite\",\"item\":\"https:\\\/\\\/www.gruene-hessen.de\\\/partei\\\/\"},{\"@type\":\"ListItem\",\"position\":2,\"name\":\"Gremien &amp; Organisation\"}]},{\"@type\":\"WebSite\",\"@id\":\"https:\\\/\\\/www.gruene-hessen.de\\\/partei\\\/#website\",\"url\":\"https:\\\/\\\/www.gruene-hessen.de\\\/partei\\\/\",\"name\":\"Landesverband B\u00dcNDNIS 90\\\/DIE GR\u00dcNEN Hessen\",\"description\":\"\",\"potentialAction\":[{\"@type\":\"SearchAction\",\"target\":{\"@type\":\"EntryPoint\",\"urlTemplate\":\"https:\\\/\\\/www.gruene-hessen.de\\\/partei\\\/?s={search_term_string}\"},\"query-input\":{\"@type\":\"PropertyValueSpecification\",\"valueRequired\":true,\"valueName\":\"search_term_string\"}}],\"inLanguage\":\"de\"}]}<\/script>\n<!-- \/ Yoast SEO plugin. -->","yoast_head_json":{"title":"Gremien &amp; Organisation - Landesverband B\u00dcNDNIS 90\/DIE GR\u00dcNEN Hessen","robots":{"index":"index","follow":"follow","max-snippet":"max-snippet:-1","max-image-preview":"max-image-preview:large","max-video-preview":"max-video-preview:-1"},"canonical":"https:\/\/www.gruene-hessen.de\/partei\/gremien-organisation\/","og_locale":"de_DE","og_type":"article","og_title":"Gremien &amp; Organisation - Landesverband B\u00dcNDNIS 90\/DIE GR\u00dcNEN Hessen","og_description":"Strukturen, Funktionen und Personen So funktionieren wir: Hier erhalten Sie einen \u00dcberblick dar\u00fcber, wie B\u00fcndnis 90\/DIE GR\u00dcNEN Hessen arbeitet. Au\u00dferdem: Jede Menge Fakten und die wichtigsten Gremien. Organigramm der hessischen GR\u00dcNEN Landesvorstand, Parteirat, Landesmitgliederversammlung, Landesfrauenrat, Landesfinanzrat, Landesschiedsgericht, Landesarbeitsgemeinschaften (LAGen). GR\u00dcNE Jugend Hessen","og_url":"https:\/\/www.gruene-hessen.de\/partei\/gremien-organisation\/","og_site_name":"Landesverband B\u00dcNDNIS 90\/DIE GR\u00dcNEN Hessen","article_modified_time":"2012-08-21T08:56:30+00:00","og_image":[{"width":705,"height":160,"url":"https:\/\/www.gruene-hessen.de\/partei\/files\/2010\/06\/gremien.jpg","type":"image\/jpeg"}],"twitter_card":"summary_large_image","schema":{"@context":"https:\/\/schema.org","@graph":[{"@type":"WebPage","@id":"https:\/\/www.gruene-hessen.de\/partei\/gremien-organisation\/","url":"https:\/\/www.gruene-hessen.de\/partei\/gremien-organisation\/","name":"Gremien &amp; Organisation - Landesverband B\u00dcNDNIS 90\/DIE GR\u00dcNEN Hessen","isPartOf":{"@id":"https:\/\/www.gruene-hessen.de\/partei\/#website"},"primaryImageOfPage":{"@id":"https:\/\/www.gruene-hessen.de\/partei\/gremien-organisation\/#primaryimage"},"image":{"@id":"https:\/\/www.gruene-hessen.de\/partei\/gremien-organisation\/#primaryimage"},"thumbnailUrl":"https:\/\/www.gruene-hessen.de\/partei\/files\/2010\/06\/gremien.jpg","datePublished":"2010-06-25T10:50:19+00:00","dateModified":"2012-08-21T08:56:30+00:00","breadcrumb":{"@id":"https:\/\/www.gruene-hessen.de\/partei\/gremien-organisation\/#breadcrumb"},"inLanguage":"de","potentialAction":[{"@type":"ReadAction","target":["https:\/\/www.gruene-hessen.de\/partei\/gremien-organisation\/"]}]},{"@type":"ImageObject","inLanguage":"de","@id":"https:\/\/www.gruene-hessen.de\/partei\/gremien-organisation\/#primaryimage","url":"https:\/\/www.gruene-hessen.de\/partei\/files\/2010\/06\/gremien.jpg","contentUrl":"https:\/\/www.gruene-hessen.de\/partei\/files\/2010\/06\/gremien.jpg","width":705,"height":160,"caption":"Headerbild: Gremien und Organisation"},{"@type":"BreadcrumbList","@id":"https:\/\/www.gruene-hessen.de\/partei\/gremien-organisation\/#breadcrumb","itemListElement":[{"@type":"ListItem","position":1,"name":"Startseite","item":"https:\/\/www.gruene-hessen.de\/partei\/"},{"@type":"ListItem","position":2,"name":"Gremien &amp; Organisation"}]},{"@type":"WebSite","@id":"https:\/\/www.gruene-hessen.de\/partei\/#website","url":"https:\/\/www.gruene-hessen.de\/partei\/","name":"Landesverband B\u00dcNDNIS 90\/DIE GR\u00dcNEN Hessen","description":"","potentialAction":[{"@type":"SearchAction","target":{"@type":"EntryPoint","urlTemplate":"https:\/\/www.gruene-hessen.de\/partei\/?s={search_term_string}"},"query-input":{"@type":"PropertyValueSpecification","valueRequired":true,"valueName":"search_term_string"}}],"inLanguage":"de"}]}},"_links":{"self":[{"href":"https:\/\/www.gruene-hessen.de\/partei\/wp-json\/wp\/v2\/pages\/646","targetHints":{"allow":["GET"]}}],"collection":[{"href":"https:\/\/www.gruene-hessen.de\/partei\/wp-json\/wp\/v2\/pages"}],"about":[{"href":"https:\/\/www.gruene-hessen.de\/partei\/wp-json\/wp\/v2\/types\/page"}],"author":[{"embeddable":true,"href":"https:\/\/www.gruene-hessen.de\/partei\/wp-json\/wp\/v2\/users\/3"}],"replies":[{"embeddable":true,"href":"https:\/\/www.gruene-hessen.de\/partei\/wp-json\/wp\/v2\/comments?post=646"}],"version-history":[{"count":0,"href":"https:\/\/www.gruene-hessen.de\/partei\/wp-json\/wp\/v2\/pages\/646\/revisions"}],"wp:featuredmedia":[{"embeddable":true,"href":"https:\/\/www.gruene-hessen.de\/partei\/wp-json\/wp\/v2\/media\/2384"}],"wp:attachment":[{"href":"https:\/\/www.gruene-hessen.de\/partei\/wp-json\/wp\/v2\/media?parent=646"}],"curies":[{"name":"wp","href":"https:\/\/api.w.org\/{rel}","templated":true}]}}