{"id":24296,"date":"2021-01-24T14:28:03","date_gmt":"2021-01-24T13:28:03","guid":{"rendered":"https:\/\/www.gruene-hessen.de\/partei\/?page_id=24296"},"modified":"2021-02-01T16:34:37","modified_gmt":"2021-02-01T15:34:37","slug":"landesliste-zur-bundestagswahl-2021","status":"publish","type":"page","link":"https:\/\/www.gruene-hessen.de\/partei\/landesliste-zur-bundestagswahl-2021\/","title":{"rendered":"Landesliste zur Bundestagswahl 2021"},"content":{"rendered":"<p>Die Landesmitgliederversammlung hat folgende Liste zur Bundestagswahl 2021 aufgestellt:<\/p>\n<ol>\n<li>Dr. Bettina Hoffmann, KV Schwalm-Eder<\/li>\n<li>Omid Nouripour, KV Frankfurt<\/li>\n<li>Kordula Schulz-Asche, KV Main-Taunus<\/li>\n<li>Wolfgang Strengmann-Kuhn, KV Offenbach-Stadt<\/li>\n<li>Anna L\u00fchrmann, KV Main-Taunus<\/li>\n<li>Philip Kr\u00e4mer, KV Darmstadt<\/li>\n<li>Deborah D\u00fcring, KV Frankfurt<\/li>\n<li>Boris Mijatovic, KV Kassel-Stadt<\/li>\n<li>Awet Tesfaiesus, KV Kassel-Stadt<\/li>\n<li>Marcus Bocklet, KV Frankfurt<\/li>\n<li>Kristina Jeromin, KV Wiesbaden<\/li>\n<li>Behzad Borhani, KV Gie\u00dfen<\/li>\n<li>Daniela Wagner, KV Darmstadt<\/li>\n<li>Christian Tramnitz, KV Hochtaunus<\/li>\n<li>Caroline Krohn, KV Lahn-Dill<\/li>\n<li>Moritz M\u00fcller, KV Bergstra\u00dfe<\/li>\n<li>Dr. Uta Brehm, KV Wiesbaden<\/li>\n<li>Lars Nitschke, KV Gro\u00df-Gerau<\/li>\n<li>Stephanie Theiss, KV Marburg-Biedenkopf<\/li>\n<li>Ekkehard Darge, KV Kassel-Stadt<\/li>\n<li>Jana Peters, KV Wetterau<\/li>\n<li>Knut Maximilian Kiesel, KV Main-Kinzig<\/li>\n<li>Gianina Zimmermann, KV Main-Taunus<\/li>\n<li>Marcus Schmitt, KV Main-Taunus<\/li>\n<li>Isabella McNicol, KV Wetterau<\/li>\n<li>Jacob Spanke, KV Lahn-Dill<\/li>\n<li>Michaela Colletti, KV Wetterau<\/li>\n<li>Thomas Zebunke, KV Wetterau<\/li>\n<li>H\u00fclya Lehr, KV Darmstadt-Dieburg<\/li>\n<li>Robert Schuppan, KV Frankfurt<\/li>\n<\/ol>\n","protected":false},"excerpt":{"rendered":"<p>Die Landesmitgliederversammlung hat folgende Liste zur Bundestagswahl 2021 aufgestellt: Dr. Bettina Hoffmann, KV Schwalm-Eder Omid Nouripour, KV Frankfurt Kordula Schulz-Asche, KV Main-Taunus Wolfgang Strengmann-Kuhn, KV Offenbach-Stadt Anna L\u00fchrmann, KV Main-Taunus Philip Kr\u00e4mer, KV Darmstadt Deborah D\u00fcring, KV Frankfurt Boris Mijatovic, KV Kassel-Stadt Awet Tesfaiesus, KV Kassel-Stadt Marcus Bocklet, KV Frankfurt Kristina Jeromin, KV Wiesbaden Behzad [&hellip;]<\/p>\n","protected":false},"author":3,"featured_media":0,"parent":0,"menu_order":0,"comment_status":"closed","ping_status":"closed","template":"","meta":{"_acf_changed":false,"ngg_post_thumbnail":0,"footnotes":""},"class_list":["post-24296","page","type-page","status-publish","hentry"],"acf":[],"yoast_head":"<!-- This site is optimized with the Yoast SEO plugin v27.3 - https:\/\/yoast.com\/product\/yoast-seo-wordpress\/ -->\n<title>Landesliste zur Bundestagswahl 2021 - Landesverband B\u00dcNDNIS 90\/DIE GR\u00dcNEN Hessen<\/title>\n<meta name=\"robots\" content=\"index, follow, max-snippet:-1, max-image-preview:large, max-video-preview:-1\" \/>\n<link rel=\"canonical\" href=\"https:\/\/www.gruene-hessen.de\/partei\/landesliste-zur-bundestagswahl-2021\/\" \/>\n<meta property=\"og:locale\" content=\"de_DE\" \/>\n<meta property=\"og:type\" content=\"article\" \/>\n<meta property=\"og:title\" content=\"Landesliste zur Bundestagswahl 2021 - Landesverband B\u00dcNDNIS 90\/DIE GR\u00dcNEN Hessen\" \/>\n<meta property=\"og:description\" content=\"Die Landesmitgliederversammlung hat folgende Liste zur Bundestagswahl 2021 aufgestellt: Dr. Bettina Hoffmann, KV Schwalm-Eder Omid Nouripour, KV Frankfurt Kordula Schulz-Asche, KV Main-Taunus Wolfgang Strengmann-Kuhn, KV Offenbach-Stadt Anna L\u00fchrmann, KV Main-Taunus Philip Kr\u00e4mer, KV Darmstadt Deborah D\u00fcring, KV Frankfurt Boris Mijatovic, KV Kassel-Stadt Awet Tesfaiesus, KV Kassel-Stadt Marcus Bocklet, KV Frankfurt Kristina Jeromin, KV Wiesbaden Behzad [&hellip;]\" \/>\n<meta property=\"og:url\" content=\"https:\/\/www.gruene-hessen.de\/partei\/landesliste-zur-bundestagswahl-2021\/\" \/>\n<meta property=\"og:site_name\" content=\"Landesverband B\u00dcNDNIS 90\/DIE GR\u00dcNEN Hessen\" \/>\n<meta property=\"article:modified_time\" content=\"2021-02-01T15:34:37+00:00\" \/>\n<meta name=\"twitter:card\" content=\"summary_large_image\" \/>\n<meta name=\"twitter:label1\" content=\"Gesch\u00e4tzte Lesezeit\" \/>\n\t<meta name=\"twitter:data1\" content=\"1\u00a0Minute\" \/>\n<script type=\"application\/ld+json\" class=\"yoast-schema-graph\">{\"@context\":\"https:\\\/\\\/schema.org\",\"@graph\":[{\"@type\":\"WebPage\",\"@id\":\"https:\\\/\\\/www.gruene-hessen.de\\\/partei\\\/landesliste-zur-bundestagswahl-2021\\\/\",\"url\":\"https:\\\/\\\/www.gruene-hessen.de\\\/partei\\\/landesliste-zur-bundestagswahl-2021\\\/\",\"name\":\"Landesliste zur Bundestagswahl 2021 - Landesverband B\u00dcNDNIS 90\\\/DIE GR\u00dcNEN Hessen\",\"isPartOf\":{\"@id\":\"https:\\\/\\\/www.gruene-hessen.de\\\/partei\\\/#website\"},\"datePublished\":\"2021-01-24T13:28:03+00:00\",\"dateModified\":\"2021-02-01T15:34:37+00:00\",\"breadcrumb\":{\"@id\":\"https:\\\/\\\/www.gruene-hessen.de\\\/partei\\\/landesliste-zur-bundestagswahl-2021\\\/#breadcrumb\"},\"inLanguage\":\"de\",\"potentialAction\":[{\"@type\":\"ReadAction\",\"target\":[\"https:\\\/\\\/www.gruene-hessen.de\\\/partei\\\/landesliste-zur-bundestagswahl-2021\\\/\"]}]},{\"@type\":\"BreadcrumbList\",\"@id\":\"https:\\\/\\\/www.gruene-hessen.de\\\/partei\\\/landesliste-zur-bundestagswahl-2021\\\/#breadcrumb\",\"itemListElement\":[{\"@type\":\"ListItem\",\"position\":1,\"name\":\"Startseite\",\"item\":\"https:\\\/\\\/www.gruene-hessen.de\\\/partei\\\/\"},{\"@type\":\"ListItem\",\"position\":2,\"name\":\"Landesliste zur Bundestagswahl 2021\"}]},{\"@type\":\"WebSite\",\"@id\":\"https:\\\/\\\/www.gruene-hessen.de\\\/partei\\\/#website\",\"url\":\"https:\\\/\\\/www.gruene-hessen.de\\\/partei\\\/\",\"name\":\"Landesverband B\u00dcNDNIS 90\\\/DIE GR\u00dcNEN Hessen\",\"description\":\"\",\"potentialAction\":[{\"@type\":\"SearchAction\",\"target\":{\"@type\":\"EntryPoint\",\"urlTemplate\":\"https:\\\/\\\/www.gruene-hessen.de\\\/partei\\\/?s={search_term_string}\"},\"query-input\":{\"@type\":\"PropertyValueSpecification\",\"valueRequired\":true,\"valueName\":\"search_term_string\"}}],\"inLanguage\":\"de\"}]}<\/script>\n<!-- \/ Yoast SEO plugin. -->","yoast_head_json":{"title":"Landesliste zur Bundestagswahl 2021 - Landesverband B\u00dcNDNIS 90\/DIE GR\u00dcNEN Hessen","robots":{"index":"index","follow":"follow","max-snippet":"max-snippet:-1","max-image-preview":"max-image-preview:large","max-video-preview":"max-video-preview:-1"},"canonical":"https:\/\/www.gruene-hessen.de\/partei\/landesliste-zur-bundestagswahl-2021\/","og_locale":"de_DE","og_type":"article","og_title":"Landesliste zur Bundestagswahl 2021 - Landesverband B\u00dcNDNIS 90\/DIE GR\u00dcNEN Hessen","og_description":"Die Landesmitgliederversammlung hat folgende Liste zur Bundestagswahl 2021 aufgestellt: Dr. Bettina Hoffmann, KV Schwalm-Eder Omid Nouripour, KV Frankfurt Kordula Schulz-Asche, KV Main-Taunus Wolfgang Strengmann-Kuhn, KV Offenbach-Stadt Anna L\u00fchrmann, KV Main-Taunus Philip Kr\u00e4mer, KV Darmstadt Deborah D\u00fcring, KV Frankfurt Boris Mijatovic, KV Kassel-Stadt Awet Tesfaiesus, KV Kassel-Stadt Marcus Bocklet, KV Frankfurt Kristina Jeromin, KV Wiesbaden Behzad [&hellip;]","og_url":"https:\/\/www.gruene-hessen.de\/partei\/landesliste-zur-bundestagswahl-2021\/","og_site_name":"Landesverband B\u00dcNDNIS 90\/DIE GR\u00dcNEN Hessen","article_modified_time":"2021-02-01T15:34:37+00:00","twitter_card":"summary_large_image","twitter_misc":{"Gesch\u00e4tzte Lesezeit":"1\u00a0Minute"},"schema":{"@context":"https:\/\/schema.org","@graph":[{"@type":"WebPage","@id":"https:\/\/www.gruene-hessen.de\/partei\/landesliste-zur-bundestagswahl-2021\/","url":"https:\/\/www.gruene-hessen.de\/partei\/landesliste-zur-bundestagswahl-2021\/","name":"Landesliste zur Bundestagswahl 2021 - Landesverband B\u00dcNDNIS 90\/DIE GR\u00dcNEN Hessen","isPartOf":{"@id":"https:\/\/www.gruene-hessen.de\/partei\/#website"},"datePublished":"2021-01-24T13:28:03+00:00","dateModified":"2021-02-01T15:34:37+00:00","breadcrumb":{"@id":"https:\/\/www.gruene-hessen.de\/partei\/landesliste-zur-bundestagswahl-2021\/#breadcrumb"},"inLanguage":"de","potentialAction":[{"@type":"ReadAction","target":["https:\/\/www.gruene-hessen.de\/partei\/landesliste-zur-bundestagswahl-2021\/"]}]},{"@type":"BreadcrumbList","@id":"https:\/\/www.gruene-hessen.de\/partei\/landesliste-zur-bundestagswahl-2021\/#breadcrumb","itemListElement":[{"@type":"ListItem","position":1,"name":"Startseite","item":"https:\/\/www.gruene-hessen.de\/partei\/"},{"@type":"ListItem","position":2,"name":"Landesliste zur Bundestagswahl 2021"}]},{"@type":"WebSite","@id":"https:\/\/www.gruene-hessen.de\/partei\/#website","url":"https:\/\/www.gruene-hessen.de\/partei\/","name":"Landesverband B\u00dcNDNIS 90\/DIE GR\u00dcNEN Hessen","description":"","potentialAction":[{"@type":"SearchAction","target":{"@type":"EntryPoint","urlTemplate":"https:\/\/www.gruene-hessen.de\/partei\/?s={search_term_string}"},"query-input":{"@type":"PropertyValueSpecification","valueRequired":true,"valueName":"search_term_string"}}],"inLanguage":"de"}]}},"_links":{"self":[{"href":"https:\/\/www.gruene-hessen.de\/partei\/wp-json\/wp\/v2\/pages\/24296","targetHints":{"allow":["GET"]}}],"collection":[{"href":"https:\/\/www.gruene-hessen.de\/partei\/wp-json\/wp\/v2\/pages"}],"about":[{"href":"https:\/\/www.gruene-hessen.de\/partei\/wp-json\/wp\/v2\/types\/page"}],"author":[{"embeddable":true,"href":"https:\/\/www.gruene-hessen.de\/partei\/wp-json\/wp\/v2\/users\/3"}],"replies":[{"embeddable":true,"href":"https:\/\/www.gruene-hessen.de\/partei\/wp-json\/wp\/v2\/comments?post=24296"}],"version-history":[{"count":4,"href":"https:\/\/www.gruene-hessen.de\/partei\/wp-json\/wp\/v2\/pages\/24296\/revisions"}],"predecessor-version":[{"id":24312,"href":"https:\/\/www.gruene-hessen.de\/partei\/wp-json\/wp\/v2\/pages\/24296\/revisions\/24312"}],"wp:attachment":[{"href":"https:\/\/www.gruene-hessen.de\/partei\/wp-json\/wp\/v2\/media?parent=24296"}],"curies":[{"name":"wp","href":"https:\/\/api.w.org\/{rel}","templated":true}]}}