{"id":23,"date":"2010-05-25T19:28:37","date_gmt":"2010-05-25T19:28:37","guid":{"rendered":"https:\/\/www.gruene-hessen.de\/partei\/"},"modified":"2019-07-26T09:40:37","modified_gmt":"2019-07-26T07:40:37","slug":"gruene-programme","status":"publish","type":"page","link":"https:\/\/www.gruene-hessen.de\/partei\/gruene-programme\/","title":{"rendered":"Gr\u00fcne Programme"},"content":{"rendered":"<p>Hier finden Sie Grundsatz- und Wahlprogramme von B\u00dcNDNIS 90\/DIE GR\u00dcNEN.<\/p>\n<h3>GR\u00dcNE Hessen<\/h3>\n<ul type=\"square\">\n<li><a href=\"https:\/\/www.gruene-hessen.de\/partei\/files\/2018\/09\/Regierungsprogramm-2018-Web.pdf\">Das GR\u00dcNE Regierungsprogramm 2019-2024 (Wahlprogramm zur Landtagswahl 2018)<\/a><\/li>\n<li><a href=\"https:\/\/www.gruene-hessen.de\/partei\/files\/2013\/07\/Regierungsprogramm-Wahlprogramm-GR%C3%9CNE-Hessen-Interaktiv.pdf\">Das GR\u00dcNE Regierungsprogramm 2014-2019 (Wahlprogramm zur Landtagswahl 2014)<\/a><\/li>\n<\/ul>\n<h3>Bundes- und Europa-GR\u00dcNE<\/h3>\n<ul type=\"square\">\n<li><a href=\"https:\/\/www.gruene-hessen.de\/partei\/files\/2018\/08\/BUENDNIS_90_DIE_GRUENEN_Bundestagswahlprogramm_2017_barrierefrei.pdf\">Bundestagswahlprogramm: &#8222;Zukunft wird aus Mut gemacht&#8220;<\/a><\/li>\n<li><a href=\"https:\/\/www.gruene-hessen.de\/partei\/files\/2018\/08\/Gruenes-Europawahlprogramm-2014.pdf\">Europawahlprogramm 2009 &#8211; &#8222;Mitentscheiden, Erneuern, Zusammenhalten&#8220;<\/a><\/li>\n<li><a href=\"https:\/\/www.gruene-hessen.de\/partei\/files\/2010\/05\/grundsatzprogramm_bundespartei_die_zukun.pdf\">Grundsatzprogramm &#8211; &#8222;Die Zukunft ist GR\u00dcN&#8220;<\/a><\/li>\n<li><a href=\"https:\/\/www.gruene-hessen.de\/partei\/files\/2010\/05\/satzung_des_bundesverbands.pdf\">Satzung des Bundesverbands<\/a><\/li>\n<\/ul>\n<p>Weitere Informationen Rund um die Politik in Hessen finden Sie auf den <a title=\"Zu den GR\u00dcNEN Themenseiten\" href=\"\/themen\/\">Themenseiten<\/a> und den <a title=\"\" href=\"https:\/\/www.gruene-hessen.de\/landtag\/materialien\/\" target=\"_blank\" rel=\"noopener noreferrer\">Publikationen<\/a> der Fraktion B\u00dcNDNIS 90\/DIE GR\u00dcNEN im Hessischen Landtag.<\/p>\n","protected":false},"excerpt":{"rendered":"<p>Hier finden Sie Grundsatz- und Wahlprogramme von B\u00dcNDNIS 90\/DIE GR\u00dcNEN. GR\u00dcNE Hessen Das GR\u00dcNE Regierungsprogramm 2019-2024 (Wahlprogramm zur Landtagswahl 2018) Das GR\u00dcNE Regierungsprogramm 2014-2019 (Wahlprogramm zur Landtagswahl 2014) Bundes- und Europa-GR\u00dcNE Bundestagswahlprogramm: &#8222;Zukunft wird aus Mut gemacht&#8220; Europawahlprogramm 2009 &#8211; &#8222;Mitentscheiden, Erneuern, Zusammenhalten&#8220; Grundsatzprogramm &#8211; &#8222;Die Zukunft ist GR\u00dcN&#8220; Satzung des Bundesverbands Weitere Informationen Rund [&hellip;]<\/p>\n","protected":false},"author":1,"featured_media":0,"parent":0,"menu_order":0,"comment_status":"open","ping_status":"open","template":"","meta":{"_acf_changed":false,"ngg_post_thumbnail":0,"footnotes":""},"class_list":["post-23","page","type-page","status-publish","hentry"],"acf":[],"yoast_head":"<!-- This site is optimized with the Yoast SEO plugin v27.3 - https:\/\/yoast.com\/product\/yoast-seo-wordpress\/ -->\n<title>Gr\u00fcne Programme - Landesverband B\u00dcNDNIS 90\/DIE GR\u00dcNEN Hessen<\/title>\n<meta name=\"robots\" content=\"index, follow, max-snippet:-1, max-image-preview:large, max-video-preview:-1\" \/>\n<link rel=\"canonical\" href=\"https:\/\/www.gruene-hessen.de\/partei\/gruene-programme\/\" \/>\n<meta property=\"og:locale\" content=\"de_DE\" \/>\n<meta property=\"og:type\" content=\"article\" \/>\n<meta property=\"og:title\" content=\"Gr\u00fcne Programme - Landesverband B\u00dcNDNIS 90\/DIE GR\u00dcNEN Hessen\" \/>\n<meta property=\"og:description\" content=\"Hier finden Sie Grundsatz- und Wahlprogramme von B\u00dcNDNIS 90\/DIE GR\u00dcNEN. GR\u00dcNE Hessen Das GR\u00dcNE Regierungsprogramm 2019-2024 (Wahlprogramm zur Landtagswahl 2018) Das GR\u00dcNE Regierungsprogramm 2014-2019 (Wahlprogramm zur Landtagswahl 2014) Bundes- und Europa-GR\u00dcNE Bundestagswahlprogramm: &#8222;Zukunft wird aus Mut gemacht&#8220; Europawahlprogramm 2009 &#8211; &#8222;Mitentscheiden, Erneuern, Zusammenhalten&#8220; Grundsatzprogramm &#8211; &#8222;Die Zukunft ist GR\u00dcN&#8220; Satzung des Bundesverbands Weitere Informationen Rund [&hellip;]\" \/>\n<meta property=\"og:url\" content=\"https:\/\/www.gruene-hessen.de\/partei\/gruene-programme\/\" \/>\n<meta property=\"og:site_name\" content=\"Landesverband B\u00dcNDNIS 90\/DIE GR\u00dcNEN Hessen\" \/>\n<meta property=\"article:modified_time\" content=\"2019-07-26T07:40:37+00:00\" \/>\n<meta name=\"twitter:card\" content=\"summary_large_image\" \/>\n<script type=\"application\/ld+json\" class=\"yoast-schema-graph\">{\"@context\":\"https:\\\/\\\/schema.org\",\"@graph\":[{\"@type\":\"WebPage\",\"@id\":\"https:\\\/\\\/www.gruene-hessen.de\\\/partei\\\/gruene-programme\\\/\",\"url\":\"https:\\\/\\\/www.gruene-hessen.de\\\/partei\\\/gruene-programme\\\/\",\"name\":\"Gr\u00fcne Programme - Landesverband B\u00dcNDNIS 90\\\/DIE GR\u00dcNEN Hessen\",\"isPartOf\":{\"@id\":\"https:\\\/\\\/www.gruene-hessen.de\\\/partei\\\/#website\"},\"datePublished\":\"2010-05-25T19:28:37+00:00\",\"dateModified\":\"2019-07-26T07:40:37+00:00\",\"breadcrumb\":{\"@id\":\"https:\\\/\\\/www.gruene-hessen.de\\\/partei\\\/gruene-programme\\\/#breadcrumb\"},\"inLanguage\":\"de\",\"potentialAction\":[{\"@type\":\"ReadAction\",\"target\":[\"https:\\\/\\\/www.gruene-hessen.de\\\/partei\\\/gruene-programme\\\/\"]}]},{\"@type\":\"BreadcrumbList\",\"@id\":\"https:\\\/\\\/www.gruene-hessen.de\\\/partei\\\/gruene-programme\\\/#breadcrumb\",\"itemListElement\":[{\"@type\":\"ListItem\",\"position\":1,\"name\":\"Startseite\",\"item\":\"https:\\\/\\\/www.gruene-hessen.de\\\/partei\\\/\"},{\"@type\":\"ListItem\",\"position\":2,\"name\":\"Gr\u00fcne Programme\"}]},{\"@type\":\"WebSite\",\"@id\":\"https:\\\/\\\/www.gruene-hessen.de\\\/partei\\\/#website\",\"url\":\"https:\\\/\\\/www.gruene-hessen.de\\\/partei\\\/\",\"name\":\"Landesverband B\u00dcNDNIS 90\\\/DIE GR\u00dcNEN Hessen\",\"description\":\"\",\"potentialAction\":[{\"@type\":\"SearchAction\",\"target\":{\"@type\":\"EntryPoint\",\"urlTemplate\":\"https:\\\/\\\/www.gruene-hessen.de\\\/partei\\\/?s={search_term_string}\"},\"query-input\":{\"@type\":\"PropertyValueSpecification\",\"valueRequired\":true,\"valueName\":\"search_term_string\"}}],\"inLanguage\":\"de\"}]}<\/script>\n<!-- \/ Yoast SEO plugin. -->","yoast_head_json":{"title":"Gr\u00fcne Programme - Landesverband B\u00dcNDNIS 90\/DIE GR\u00dcNEN Hessen","robots":{"index":"index","follow":"follow","max-snippet":"max-snippet:-1","max-image-preview":"max-image-preview:large","max-video-preview":"max-video-preview:-1"},"canonical":"https:\/\/www.gruene-hessen.de\/partei\/gruene-programme\/","og_locale":"de_DE","og_type":"article","og_title":"Gr\u00fcne Programme - Landesverband B\u00dcNDNIS 90\/DIE GR\u00dcNEN Hessen","og_description":"Hier finden Sie Grundsatz- und Wahlprogramme von B\u00dcNDNIS 90\/DIE GR\u00dcNEN. GR\u00dcNE Hessen Das GR\u00dcNE Regierungsprogramm 2019-2024 (Wahlprogramm zur Landtagswahl 2018) Das GR\u00dcNE Regierungsprogramm 2014-2019 (Wahlprogramm zur Landtagswahl 2014) Bundes- und Europa-GR\u00dcNE Bundestagswahlprogramm: &#8222;Zukunft wird aus Mut gemacht&#8220; Europawahlprogramm 2009 &#8211; &#8222;Mitentscheiden, Erneuern, Zusammenhalten&#8220; Grundsatzprogramm &#8211; &#8222;Die Zukunft ist GR\u00dcN&#8220; Satzung des Bundesverbands Weitere Informationen Rund [&hellip;]","og_url":"https:\/\/www.gruene-hessen.de\/partei\/gruene-programme\/","og_site_name":"Landesverband B\u00dcNDNIS 90\/DIE GR\u00dcNEN Hessen","article_modified_time":"2019-07-26T07:40:37+00:00","twitter_card":"summary_large_image","schema":{"@context":"https:\/\/schema.org","@graph":[{"@type":"WebPage","@id":"https:\/\/www.gruene-hessen.de\/partei\/gruene-programme\/","url":"https:\/\/www.gruene-hessen.de\/partei\/gruene-programme\/","name":"Gr\u00fcne Programme - Landesverband B\u00dcNDNIS 90\/DIE GR\u00dcNEN Hessen","isPartOf":{"@id":"https:\/\/www.gruene-hessen.de\/partei\/#website"},"datePublished":"2010-05-25T19:28:37+00:00","dateModified":"2019-07-26T07:40:37+00:00","breadcrumb":{"@id":"https:\/\/www.gruene-hessen.de\/partei\/gruene-programme\/#breadcrumb"},"inLanguage":"de","potentialAction":[{"@type":"ReadAction","target":["https:\/\/www.gruene-hessen.de\/partei\/gruene-programme\/"]}]},{"@type":"BreadcrumbList","@id":"https:\/\/www.gruene-hessen.de\/partei\/gruene-programme\/#breadcrumb","itemListElement":[{"@type":"ListItem","position":1,"name":"Startseite","item":"https:\/\/www.gruene-hessen.de\/partei\/"},{"@type":"ListItem","position":2,"name":"Gr\u00fcne Programme"}]},{"@type":"WebSite","@id":"https:\/\/www.gruene-hessen.de\/partei\/#website","url":"https:\/\/www.gruene-hessen.de\/partei\/","name":"Landesverband B\u00dcNDNIS 90\/DIE GR\u00dcNEN Hessen","description":"","potentialAction":[{"@type":"SearchAction","target":{"@type":"EntryPoint","urlTemplate":"https:\/\/www.gruene-hessen.de\/partei\/?s={search_term_string}"},"query-input":{"@type":"PropertyValueSpecification","valueRequired":true,"valueName":"search_term_string"}}],"inLanguage":"de"}]}},"_links":{"self":[{"href":"https:\/\/www.gruene-hessen.de\/partei\/wp-json\/wp\/v2\/pages\/23","targetHints":{"allow":["GET"]}}],"collection":[{"href":"https:\/\/www.gruene-hessen.de\/partei\/wp-json\/wp\/v2\/pages"}],"about":[{"href":"https:\/\/www.gruene-hessen.de\/partei\/wp-json\/wp\/v2\/types\/page"}],"author":[{"embeddable":true,"href":"https:\/\/www.gruene-hessen.de\/partei\/wp-json\/wp\/v2\/users\/1"}],"replies":[{"embeddable":true,"href":"https:\/\/www.gruene-hessen.de\/partei\/wp-json\/wp\/v2\/comments?post=23"}],"version-history":[{"count":1,"href":"https:\/\/www.gruene-hessen.de\/partei\/wp-json\/wp\/v2\/pages\/23\/revisions"}],"predecessor-version":[{"id":23759,"href":"https:\/\/www.gruene-hessen.de\/partei\/wp-json\/wp\/v2\/pages\/23\/revisions\/23759"}],"wp:attachment":[{"href":"https:\/\/www.gruene-hessen.de\/partei\/wp-json\/wp\/v2\/media?parent=23"}],"curies":[{"name":"wp","href":"https:\/\/api.w.org\/{rel}","templated":true}]}}