{"version":"1.0","provider_name":"Landesverband B\u00dcNDNIS 90\/DIE GR\u00dcNEN Hessen","provider_url":"https:\/\/www.gruene-hessen.de\/partei","author_name":"Till Haupt","author_url":"https:\/\/www.gruene-hessen.de\/partei\/author\/t-haupt\/","title":"PRESSEEINLADUNG zum Urwahlforum: Wahl der Doppelspitze f\u00fcr die Bundestagswahl 2013 \u2013 GR\u00dcNE Kandidaten und Kandidatinnen stellen sich vor - Landesverband B\u00dcNDNIS 90\/DIE GR\u00dcNEN Hessen","type":"rich","width":600,"height":338,"html":"<blockquote class=\"wp-embedded-content\" data-secret=\"68Vkh91JXA\"><a href=\"https:\/\/www.gruene-hessen.de\/partei\/presse\/presseeinladung-zum\/\">PRESSEEINLADUNG zum Urwahlforum: Wahl der Doppelspitze f\u00fcr die Bundestagswahl 2013 \u2013 GR\u00dcNE Kandidaten und Kandidatinnen stellen sich vor<\/a><\/blockquote><iframe sandbox=\"allow-scripts\" security=\"restricted\" src=\"https:\/\/www.gruene-hessen.de\/partei\/presse\/presseeinladung-zum\/embed\/#?secret=68Vkh91JXA\" width=\"600\" height=\"338\" title=\"&#8222;PRESSEEINLADUNG zum Urwahlforum: Wahl der Doppelspitze f\u00fcr die Bundestagswahl 2013 \u2013 GR\u00dcNE Kandidaten und Kandidatinnen stellen sich vor&#8220; &#8211; Landesverband B\u00dcNDNIS 90\/DIE GR\u00dcNEN Hessen\" data-secret=\"68Vkh91JXA\" frameborder=\"0\" marginwidth=\"0\" marginheight=\"0\" scrolling=\"no\" class=\"wp-embedded-content\"><\/iframe><script type=\"text\/javascript\">\n\/* <![CDATA[ *\/\n\/*! This file is auto-generated *\/\n!function(d,l){\"use strict\";l.querySelector&&d.addEventListener&&\"undefined\"!=typeof URL&&(d.wp=d.wp||{},d.wp.receiveEmbedMessage||(d.wp.receiveEmbedMessage=function(e){var t=e.data;if((t||t.secret||t.message||t.value)&&!\/[^a-zA-Z0-9]\/.test(t.secret)){for(var s,r,n,a=l.querySelectorAll('iframe[data-secret=\"'+t.secret+'\"]'),o=l.querySelectorAll('blockquote[data-secret=\"'+t.secret+'\"]'),c=new RegExp(\"^https?:$\",\"i\"),i=0;i<o.length;i++)o[i].style.display=\"none\";for(i=0;i<a.length;i++)s=a[i],e.source===s.contentWindow&&(s.removeAttribute(\"style\"),\"height\"===t.message?(1e3<(r=parseInt(t.value,10))?r=1e3:~~r<200&&(r=200),s.height=r):\"link\"===t.message&&(r=new URL(s.getAttribute(\"src\")),n=new URL(t.value),c.test(n.protocol))&&n.host===r.host&&l.activeElement===s&&(d.top.location.href=t.value))}},d.addEventListener(\"message\",d.wp.receiveEmbedMessage,!1),l.addEventListener(\"DOMContentLoaded\",function(){for(var e,t,s=l.querySelectorAll(\"iframe.wp-embedded-content\"),r=0;r<s.length;r++)(t=(e=s[r]).getAttribute(\"data-secret\"))||(t=Math.random().toString(36).substring(2,12),e.src+=\"#?secret=\"+t,e.setAttribute(\"data-secret\",t)),e.contentWindow.postMessage({message:\"ready\",secret:t},\"*\")},!1)))}(window,document);\n\/\/# sourceURL=https:\/\/www.gruene-hessen.de\/partei\/wp-includes\/js\/wp-embed.min.js\n\/* ]]> *\/\n<\/script>\n","thumbnail_url":"https:\/\/www.gruene-hessen.de\/partei\/files\/2012\/09\/Demokratie.jpg","thumbnail_width":705,"thumbnail_height":160,"description":"Liebe Kolleginnen und Kollegen, wie Sie wissen, bestimmen B\u00dcNDNIS 90\/DIE GR\u00dcNEN ihre Doppelspitze f\u00fcr die Bundestagswahl 2013 durch ein Votum aller Mitglieder. Die Kandidatinnen und Kandidaten pr\u00e4sentieren sich zuvor in so genannten Urwahlforen der Parteibasis und interessierten B\u00fcrgerinnen und B\u00fcrgern. Die Vorstellung in Hessen findet am kommenden Montag in Frankfurt statt Die Veranstaltung beginnt am [&hellip;]"}

Landesverband BÜNDNIS 90/DIE GRÜNEN Hessen

PRESSEEINLADUNG zum Urwahlforum: Wahl der Doppelspitze für die Bundestagswahl 2013 – GRÜNE Kandidaten und Kandidatinnen stellen sich vor - Landesverband BÜNDNIS 90/DIE GRÜNEN Hessen

<blockquote class="wp-embedded-content" data-secret="68Vkh91JXA"><a href="https://www.gruene-hessen.de/partei/presse/presseeinladung-zum/">PRESSEEINLADUNG zum Urwahlforum: Wahl der Doppelspitze für die Bundestagswahl 2013 – GRÜNE Kandidaten und Kandidatinnen stellen sich vor</a></blockquote><iframe sandbox="allow-scripts" security="restricted" src="https://www.gruene-hessen.de/partei/presse/presseeinladung-zum/embed/#?secret=68Vkh91JXA" width="600" height="338" title="&#8222;PRESSEEINLADUNG zum Urwahlforum: Wahl der Doppelspitze für die Bundestagswahl 2013 – GRÜNE Kandidaten und Kandidatinnen stellen sich vor&#8220; &#8211; Landesverband BÜNDNIS 90/DIE GRÜNEN Hessen" data-secret="68Vkh91JXA" frameborder="0" marginwidth="0" marginheight="0" scrolling="no" class="wp-embedded-content"></iframe><script type="text/javascript">
/* <![CDATA[ */
/*! This file is auto-generated */
!function(d,l){"use strict";l.querySelector&&d.addEventListener&&"undefined"!=typeof URL&&(d.wp=d.wp||{},d.wp.receiveEmbedMessage||(d.wp.receiveEmbedMessage=function(e){var t=e.data;if((t||t.secret||t.message||t.value)&&!/[^a-zA-Z0-9]/.test(t.secret)){for(var s,r,n,a=l.querySelectorAll('iframe[data-secret="'+t.secret+'"]'),o=l.querySelectorAll('blockquote[data-secret="'+t.secret+'"]'),c=new RegExp("^https?:$","i"),i=0;i<o.length;i++)o[i].style.display="none";for(i=0;i<a.length;i++)s=a[i],e.source===s.contentWindow&&(s.removeAttribute("style"),"height"===t.message?(1e3<(r=parseInt(t.value,10))?r=1e3:~~r<200&&(r=200),s.height=r):"link"===t.message&&(r=new URL(s.getAttribute("src")),n=new URL(t.value),c.test(n.protocol))&&n.host===r.host&&l.activeElement===s&&(d.top.location.href=t.value))}},d.addEventListener("message",d.wp.receiveEmbedMessage,!1),l.addEventListener("DOMContentLoaded",function(){for(var e,t,s=l.querySelectorAll("iframe.wp-embedded-content"),r=0;r<s.length;r++)(t=(e=s[r]).getAttribute("data-secret"))||(t=Math.random().toString(36).substring(2,12),e.src+="#?secret="+t,e.setAttribute("data-secret",t)),e.contentWindow.postMessage({message:"ready",secret:t},"*")},!1)))}(window,document);
//# sourceURL=https://www.gruene-hessen.de/partei/wp-includes/js/wp-embed.min.js
/* ]]> */
</script>

Liebe Kolleginnen und Kollegen, wie Sie wissen, bestimmen BÜNDNIS 90/DIE GRÜNEN ihre Doppelspitze für die Bundestagswahl 2013 durch ein Votum aller Mitglieder. Die Kandidatinnen und Kandidaten präsentieren sich zuvor in so genannten Urwahlforen der Parteibasis und interessierten Bürgerinnen und Bürgern. Die Vorstellung in Hessen findet am kommenden Montag in Frankfurt statt Die Veranstaltung beginnt am [&hellip;]
