{"version":"1.0","provider_name":"Landesverband B\u00dcNDNIS 90\/DIE GR\u00dcNEN Hessen","provider_url":"https:\/\/www.gruene-hessen.de\/partei","author_name":"uphoff","author_url":"https:\/\/www.gruene-hessen.de\/partei\/author\/uphoff\/","title":"Fulminanter Wahlerfolg: GR\u00dcNE in Hessen gratulieren den Kolleg*innen in \u00d6sterreich - Landesverband B\u00dcNDNIS 90\/DIE GR\u00dcNEN Hessen","type":"rich","width":600,"height":338,"html":"<blockquote class=\"wp-embedded-content\" data-secret=\"rUfek1ENmN\"><a href=\"https:\/\/www.gruene-hessen.de\/partei\/presse\/fulminanter-wahlerfo\/\">Fulminanter Wahlerfolg: GR\u00dcNE in Hessen gratulieren den Kolleg*innen in \u00d6sterreich<\/a><\/blockquote><iframe sandbox=\"allow-scripts\" security=\"restricted\" src=\"https:\/\/www.gruene-hessen.de\/partei\/presse\/fulminanter-wahlerfo\/embed\/#?secret=rUfek1ENmN\" width=\"600\" height=\"338\" title=\"&#8222;Fulminanter Wahlerfolg: GR\u00dcNE in Hessen gratulieren den Kolleg*innen in \u00d6sterreich&#8220; &#8211; Landesverband B\u00dcNDNIS 90\/DIE GR\u00dcNEN Hessen\" data-secret=\"rUfek1ENmN\" frameborder=\"0\" marginwidth=\"0\" marginheight=\"0\" scrolling=\"no\" class=\"wp-embedded-content\"><\/iframe><script type=\"text\/javascript\">\n\/* <![CDATA[ *\/\n\/*! This file is auto-generated *\/\n!function(d,l){\"use strict\";l.querySelector&&d.addEventListener&&\"undefined\"!=typeof URL&&(d.wp=d.wp||{},d.wp.receiveEmbedMessage||(d.wp.receiveEmbedMessage=function(e){var t=e.data;if((t||t.secret||t.message||t.value)&&!\/[^a-zA-Z0-9]\/.test(t.secret)){for(var s,r,n,a=l.querySelectorAll('iframe[data-secret=\"'+t.secret+'\"]'),o=l.querySelectorAll('blockquote[data-secret=\"'+t.secret+'\"]'),c=new RegExp(\"^https?:$\",\"i\"),i=0;i<o.length;i++)o[i].style.display=\"none\";for(i=0;i<a.length;i++)s=a[i],e.source===s.contentWindow&&(s.removeAttribute(\"style\"),\"height\"===t.message?(1e3<(r=parseInt(t.value,10))?r=1e3:~~r<200&&(r=200),s.height=r):\"link\"===t.message&&(r=new URL(s.getAttribute(\"src\")),n=new URL(t.value),c.test(n.protocol))&&n.host===r.host&&l.activeElement===s&&(d.top.location.href=t.value))}},d.addEventListener(\"message\",d.wp.receiveEmbedMessage,!1),l.addEventListener(\"DOMContentLoaded\",function(){for(var e,t,s=l.querySelectorAll(\"iframe.wp-embedded-content\"),r=0;r<s.length;r++)(t=(e=s[r]).getAttribute(\"data-secret\"))||(t=Math.random().toString(36).substring(2,12),e.src+=\"#?secret=\"+t,e.setAttribute(\"data-secret\",t)),e.contentWindow.postMessage({message:\"ready\",secret:t},\"*\")},!1)))}(window,document);\n\/\/# sourceURL=https:\/\/www.gruene-hessen.de\/partei\/wp-includes\/js\/wp-embed.min.js\n\/* ]]> *\/\n<\/script>\n","description":"Die hessischen Landesvorsitzenden Sigrid Erfurth und Philip Kr\u00e4mer gratulieren den GR\u00dcNEN in \u00d6sterreich zu ihrem fulminanten Wahlerfolg: \u201eDie Kolleg*innen im Nachbarland haben das beste Ergebnis der Partei bei Nationalratswahlen erzielt \u2013 und das aus der au\u00dferparlamentarischen Opposition heraus. Nach zwei Jahren ziehen die GR\u00dcNEN wieder ins Parlament ein. Die GR\u00dcNEN in \u00d6sterreich haben mit Parteichef [&hellip;]"}

Landesverband BÜNDNIS 90/DIE GRÜNEN Hessen

Fulminanter Wahlerfolg: GRÜNE in Hessen gratulieren den Kolleg*innen in Österreich - Landesverband BÜNDNIS 90/DIE GRÜNEN Hessen

<blockquote class="wp-embedded-content" data-secret="rUfek1ENmN"><a href="https://www.gruene-hessen.de/partei/presse/fulminanter-wahlerfo/">Fulminanter Wahlerfolg: GRÜNE in Hessen gratulieren den Kolleg*innen in Österreich</a></blockquote><iframe sandbox="allow-scripts" security="restricted" src="https://www.gruene-hessen.de/partei/presse/fulminanter-wahlerfo/embed/#?secret=rUfek1ENmN" width="600" height="338" title="&#8222;Fulminanter Wahlerfolg: GRÜNE in Hessen gratulieren den Kolleg*innen in Österreich&#8220; &#8211; Landesverband BÜNDNIS 90/DIE GRÜNEN Hessen" data-secret="rUfek1ENmN" frameborder="0" marginwidth="0" marginheight="0" scrolling="no" class="wp-embedded-content"></iframe><script type="text/javascript">
/* <![CDATA[ */
/*! This file is auto-generated */
!function(d,l){"use strict";l.querySelector&&d.addEventListener&&"undefined"!=typeof URL&&(d.wp=d.wp||{},d.wp.receiveEmbedMessage||(d.wp.receiveEmbedMessage=function(e){var t=e.data;if((t||t.secret||t.message||t.value)&&!/[^a-zA-Z0-9]/.test(t.secret)){for(var s,r,n,a=l.querySelectorAll('iframe[data-secret="'+t.secret+'"]'),o=l.querySelectorAll('blockquote[data-secret="'+t.secret+'"]'),c=new RegExp("^https?:$","i"),i=0;i<o.length;i++)o[i].style.display="none";for(i=0;i<a.length;i++)s=a[i],e.source===s.contentWindow&&(s.removeAttribute("style"),"height"===t.message?(1e3<(r=parseInt(t.value,10))?r=1e3:~~r<200&&(r=200),s.height=r):"link"===t.message&&(r=new URL(s.getAttribute("src")),n=new URL(t.value),c.test(n.protocol))&&n.host===r.host&&l.activeElement===s&&(d.top.location.href=t.value))}},d.addEventListener("message",d.wp.receiveEmbedMessage,!1),l.addEventListener("DOMContentLoaded",function(){for(var e,t,s=l.querySelectorAll("iframe.wp-embedded-content"),r=0;r<s.length;r++)(t=(e=s[r]).getAttribute("data-secret"))||(t=Math.random().toString(36).substring(2,12),e.src+="#?secret="+t,e.setAttribute("data-secret",t)),e.contentWindow.postMessage({message:"ready",secret:t},"*")},!1)))}(window,document);
//# sourceURL=https://www.gruene-hessen.de/partei/wp-includes/js/wp-embed.min.js
/* ]]> */
</script>

Die hessischen Landesvorsitzenden Sigrid Erfurth und Philip Krämer gratulieren den GRÜNEN in Österreich zu ihrem fulminanten Wahlerfolg: „Die Kolleg*innen im Nachbarland haben das beste Ergebnis der Partei bei Nationalratswahlen erzielt – und das aus der außerparlamentarischen Opposition heraus. Nach zwei Jahren ziehen die GRÜNEN wieder ins Parlament ein. Die GRÜNEN in Österreich haben mit Parteichef [&hellip;]
