{"version":"1.0","provider_name":"Landesverband B\u00dcNDNIS 90\/DIE GR\u00dcNEN Hessen","provider_url":"https:\/\/www.gruene-hessen.de\/partei","author_name":"Till Haupt","author_url":"https:\/\/www.gruene-hessen.de\/partei\/author\/t-haupt\/","title":"Entschlossen gegen Nazis \u2013 f\u00fcr ein weltoffenes Frankfurt und ein soziales Europa - Landesverband B\u00dcNDNIS 90\/DIE GR\u00dcNEN Hessen","type":"rich","width":600,"height":338,"html":"<blockquote class=\"wp-embedded-content\" data-secret=\"gxmxn79RHF\"><a href=\"https:\/\/www.gruene-hessen.de\/partei\/presse\/entschlossen-gegen-n\/\">Entschlossen gegen Nazis \u2013 f\u00fcr ein weltoffenes Frankfurt und ein soziales Europa<\/a><\/blockquote><iframe sandbox=\"allow-scripts\" security=\"restricted\" src=\"https:\/\/www.gruene-hessen.de\/partei\/presse\/entschlossen-gegen-n\/embed\/#?secret=gxmxn79RHF\" width=\"600\" height=\"338\" title=\"&#8222;Entschlossen gegen Nazis \u2013 f\u00fcr ein weltoffenes Frankfurt und ein soziales Europa&#8220; &#8211; Landesverband B\u00dcNDNIS 90\/DIE GR\u00dcNEN Hessen\" data-secret=\"gxmxn79RHF\" frameborder=\"0\" marginwidth=\"0\" marginheight=\"0\" scrolling=\"no\" class=\"wp-embedded-content\"><\/iframe><script type=\"text\/javascript\">\n\/* <![CDATA[ *\/\n\/*! This file is auto-generated *\/\n!function(d,l){\"use strict\";l.querySelector&&d.addEventListener&&\"undefined\"!=typeof URL&&(d.wp=d.wp||{},d.wp.receiveEmbedMessage||(d.wp.receiveEmbedMessage=function(e){var t=e.data;if((t||t.secret||t.message||t.value)&&!\/[^a-zA-Z0-9]\/.test(t.secret)){for(var s,r,n,a=l.querySelectorAll('iframe[data-secret=\"'+t.secret+'\"]'),o=l.querySelectorAll('blockquote[data-secret=\"'+t.secret+'\"]'),c=new RegExp(\"^https?:$\",\"i\"),i=0;i<o.length;i++)o[i].style.display=\"none\";for(i=0;i<a.length;i++)s=a[i],e.source===s.contentWindow&&(s.removeAttribute(\"style\"),\"height\"===t.message?(1e3<(r=parseInt(t.value,10))?r=1e3:~~r<200&&(r=200),s.height=r):\"link\"===t.message&&(r=new URL(s.getAttribute(\"src\")),n=new URL(t.value),c.test(n.protocol))&&n.host===r.host&&l.activeElement===s&&(d.top.location.href=t.value))}},d.addEventListener(\"message\",d.wp.receiveEmbedMessage,!1),l.addEventListener(\"DOMContentLoaded\",function(){for(var e,t,s=l.querySelectorAll(\"iframe.wp-embedded-content\"),r=0;r<s.length;r++)(t=(e=s[r]).getAttribute(\"data-secret\"))||(t=Math.random().toString(36).substring(2,12),e.src+=\"#?secret=\"+t,e.setAttribute(\"data-secret\",t)),e.contentWindow.postMessage({message:\"ready\",secret:t},\"*\")},!1)))}(window,document);\n\/\/# sourceURL=https:\/\/www.gruene-hessen.de\/partei\/wp-includes\/js\/wp-embed.min.js\n\/* ]]> *\/\n<\/script>\n","description":"Die hessischen GR\u00dcNEN rufen zur Teilnahme an der Kundgebung des Frankfurter R\u00f6merbergb\u00fcndnisses anl\u00e4sslich der NPD-Demo auf. \u201eWir treten entschlossen ein gegen Fremdenfeindlichkeit, Antisemitismus und jede Form von Ausgrenzung. Deshalb werden wir uns als GR\u00dcNE an der Kundgebung des R\u00f6merbergb\u00fcndnisses beteiligen und rufen alle demokratischen Kr\u00e4fte in Hessen zur Teilnahme auf. Wir werden Frankfurt nicht den [&hellip;]"}

Landesverband BÜNDNIS 90/DIE GRÜNEN Hessen

Entschlossen gegen Nazis – für ein weltoffenes Frankfurt und ein soziales Europa - Landesverband BÜNDNIS 90/DIE GRÜNEN Hessen

<blockquote class="wp-embedded-content" data-secret="gxmxn79RHF"><a href="https://www.gruene-hessen.de/partei/presse/entschlossen-gegen-n/">Entschlossen gegen Nazis – für ein weltoffenes Frankfurt und ein soziales Europa</a></blockquote><iframe sandbox="allow-scripts" security="restricted" src="https://www.gruene-hessen.de/partei/presse/entschlossen-gegen-n/embed/#?secret=gxmxn79RHF" width="600" height="338" title="&#8222;Entschlossen gegen Nazis – für ein weltoffenes Frankfurt und ein soziales Europa&#8220; &#8211; Landesverband BÜNDNIS 90/DIE GRÜNEN Hessen" data-secret="gxmxn79RHF" frameborder="0" marginwidth="0" marginheight="0" scrolling="no" class="wp-embedded-content"></iframe><script type="text/javascript">
/* <![CDATA[ */
/*! This file is auto-generated */
!function(d,l){"use strict";l.querySelector&&d.addEventListener&&"undefined"!=typeof URL&&(d.wp=d.wp||{},d.wp.receiveEmbedMessage||(d.wp.receiveEmbedMessage=function(e){var t=e.data;if((t||t.secret||t.message||t.value)&&!/[^a-zA-Z0-9]/.test(t.secret)){for(var s,r,n,a=l.querySelectorAll('iframe[data-secret="'+t.secret+'"]'),o=l.querySelectorAll('blockquote[data-secret="'+t.secret+'"]'),c=new RegExp("^https?:$","i"),i=0;i<o.length;i++)o[i].style.display="none";for(i=0;i<a.length;i++)s=a[i],e.source===s.contentWindow&&(s.removeAttribute("style"),"height"===t.message?(1e3<(r=parseInt(t.value,10))?r=1e3:~~r<200&&(r=200),s.height=r):"link"===t.message&&(r=new URL(s.getAttribute("src")),n=new URL(t.value),c.test(n.protocol))&&n.host===r.host&&l.activeElement===s&&(d.top.location.href=t.value))}},d.addEventListener("message",d.wp.receiveEmbedMessage,!1),l.addEventListener("DOMContentLoaded",function(){for(var e,t,s=l.querySelectorAll("iframe.wp-embedded-content"),r=0;r<s.length;r++)(t=(e=s[r]).getAttribute("data-secret"))||(t=Math.random().toString(36).substring(2,12),e.src+="#?secret="+t,e.setAttribute("data-secret",t)),e.contentWindow.postMessage({message:"ready",secret:t},"*")},!1)))}(window,document);
//# sourceURL=https://www.gruene-hessen.de/partei/wp-includes/js/wp-embed.min.js
/* ]]> */
</script>

Die hessischen GRÜNEN rufen zur Teilnahme an der Kundgebung des Frankfurter Römerbergbündnisses anlässlich der NPD-Demo auf. „Wir treten entschlossen ein gegen Fremdenfeindlichkeit, Antisemitismus und jede Form von Ausgrenzung. Deshalb werden wir uns als GRÜNE an der Kundgebung des Römerbergbündnisses beteiligen und rufen alle demokratischen Kräfte in Hessen zur Teilnahme auf. Wir werden Frankfurt nicht den [&hellip;]
