{"id":94,"date":"2010-08-16T12:19:27","date_gmt":"2010-08-16T12:19:27","guid":{"rendered":"https:\/\/www.gruene-hessen.de\/landtag\/"},"modified":"2024-01-18T14:21:18","modified_gmt":"2024-01-18T13:21:18","slug":"vorstand","status":"publish","type":"page","link":"https:\/\/www.gruene-hessen.de\/landtag\/fraktion\/vorstand\/","title":{"rendered":"Vorstand"},"content":{"rendered":"<p>22 Abgeordnete, 12 Frauen und 10 M\u00e4nner, das ist die Fraktion von B\u00fcndnis 90\/Die Gr\u00fcnen im 21. Hessischen Landtag. Sieben von ihnen stellen den Vorstand, der zu Beginn und in der Mitte der Legislaturperiode von der Fraktionsversammlung aller Abgeordneten gew\u00e4hlt wird. Die folgenden Abgeordneten bilden derzeit den Fraktionsvorstand:<\/p>\n","protected":false},"excerpt":{"rendered":"<p>22 Abgeordnete, 12 Frauen und 10 M\u00e4nner, das ist die Fraktion von B\u00fcndnis 90\/Die Gr\u00fcnen im 21. Hessischen Landtag. Sieben von ihnen stellen den Vorstand, der zu Beginn und in der Mitte der Legislaturperiode von der Fraktionsversammlung aller Abgeordneten gew\u00e4hlt wird. Die folgenden Abgeordneten bilden derzeit den Fraktionsvorstand:<\/p>\n","protected":false},"author":3,"featured_media":8988,"parent":91,"menu_order":0,"comment_status":"open","ping_status":"open","template":"","meta":{"_acf_changed":false,"ngg_post_thumbnail":0,"footnotes":""},"class_list":["post-94","page","type-page","status-publish","has-post-thumbnail","hentry"],"acf":[],"yoast_head":"<!-- This site is optimized with the Yoast SEO plugin v27.4 - https:\/\/yoast.com\/product\/yoast-seo-wordpress\/ -->\n<title>Vorstand - Fraktion B\u00fcndnis 90\/Die Gr\u00fcnen im Hessischen Landtag<\/title>\n<meta name=\"robots\" content=\"index, follow, max-snippet:-1, max-image-preview:large, max-video-preview:-1\" \/>\n<link rel=\"canonical\" href=\"https:\/\/www.gruene-hessen.de\/landtag\/fraktion\/vorstand\/\" \/>\n<meta property=\"og:locale\" content=\"de_DE\" \/>\n<meta property=\"og:type\" content=\"article\" \/>\n<meta property=\"og:title\" content=\"Vorstand - Fraktion B\u00fcndnis 90\/Die Gr\u00fcnen im Hessischen Landtag\" \/>\n<meta property=\"og:description\" content=\"22 Abgeordnete, 12 Frauen und 10 M\u00e4nner, das ist die Fraktion von B\u00fcndnis 90\/Die Gr\u00fcnen im 21. Hessischen Landtag. Sieben von ihnen stellen den Vorstand, der zu Beginn und in der Mitte der Legislaturperiode von der Fraktionsversammlung aller Abgeordneten gew\u00e4hlt wird. Die folgenden Abgeordneten bilden derzeit den Fraktionsvorstand:\" \/>\n<meta property=\"og:url\" content=\"https:\/\/www.gruene-hessen.de\/landtag\/fraktion\/vorstand\/\" \/>\n<meta property=\"og:site_name\" content=\"Fraktion B\u00fcndnis 90\/Die Gr\u00fcnen im Hessischen Landtag\" \/>\n<meta property=\"article:publisher\" content=\"https:\/\/www.facebook.com\/gruenehessen\" \/>\n<meta property=\"article:modified_time\" content=\"2024-01-18T13:21:18+00:00\" \/>\n<meta property=\"og:image\" content=\"https:\/\/www.gruene-hessen.de\/landtag\/files\/2010\/08\/willkommen.jpg\" \/>\n\t<meta property=\"og:image:width\" content=\"705\" \/>\n\t<meta property=\"og:image:height\" content=\"160\" \/>\n\t<meta property=\"og:image:type\" content=\"image\/jpeg\" \/>\n<meta name=\"twitter:card\" content=\"summary_large_image\" \/>\n<meta name=\"twitter:site\" content=\"@gruenehessen\" \/>\n<meta name=\"twitter:label1\" content=\"Gesch\u00e4tzte Lesezeit\" \/>\n\t<meta name=\"twitter:data1\" content=\"1\u00a0Minute\" \/>\n<script type=\"application\/ld+json\" class=\"yoast-schema-graph\">{\"@context\":\"https:\\\/\\\/schema.org\",\"@graph\":[{\"@type\":\"WebPage\",\"@id\":\"https:\\\/\\\/www.gruene-hessen.de\\\/landtag\\\/fraktion\\\/vorstand\\\/\",\"url\":\"https:\\\/\\\/www.gruene-hessen.de\\\/landtag\\\/fraktion\\\/vorstand\\\/\",\"name\":\"Vorstand - Fraktion B\u00fcndnis 90\\\/Die Gr\u00fcnen im Hessischen Landtag\",\"isPartOf\":{\"@id\":\"https:\\\/\\\/www.gruene-hessen.de\\\/landtag\\\/#website\"},\"primaryImageOfPage\":{\"@id\":\"https:\\\/\\\/www.gruene-hessen.de\\\/landtag\\\/fraktion\\\/vorstand\\\/#primaryimage\"},\"image\":{\"@id\":\"https:\\\/\\\/www.gruene-hessen.de\\\/landtag\\\/fraktion\\\/vorstand\\\/#primaryimage\"},\"thumbnailUrl\":\"https:\\\/\\\/www.gruene-hessen.de\\\/landtag\\\/wp-content\\\/blogs.dir\\\/2\\\/files\\\/2010\\\/08\\\/willkommen.jpg\",\"datePublished\":\"2010-08-16T12:19:27+00:00\",\"dateModified\":\"2024-01-18T13:21:18+00:00\",\"breadcrumb\":{\"@id\":\"https:\\\/\\\/www.gruene-hessen.de\\\/landtag\\\/fraktion\\\/vorstand\\\/#breadcrumb\"},\"inLanguage\":\"de\",\"potentialAction\":[{\"@type\":\"ReadAction\",\"target\":[\"https:\\\/\\\/www.gruene-hessen.de\\\/landtag\\\/fraktion\\\/vorstand\\\/\"]}]},{\"@type\":\"ImageObject\",\"inLanguage\":\"de\",\"@id\":\"https:\\\/\\\/www.gruene-hessen.de\\\/landtag\\\/fraktion\\\/vorstand\\\/#primaryimage\",\"url\":\"https:\\\/\\\/www.gruene-hessen.de\\\/landtag\\\/wp-content\\\/blogs.dir\\\/2\\\/files\\\/2010\\\/08\\\/willkommen.jpg\",\"contentUrl\":\"https:\\\/\\\/www.gruene-hessen.de\\\/landtag\\\/wp-content\\\/blogs.dir\\\/2\\\/files\\\/2010\\\/08\\\/willkommen.jpg\",\"width\":705,\"height\":160,\"caption\":\"Hessischer Landtag\"},{\"@type\":\"BreadcrumbList\",\"@id\":\"https:\\\/\\\/www.gruene-hessen.de\\\/landtag\\\/fraktion\\\/vorstand\\\/#breadcrumb\",\"itemListElement\":[{\"@type\":\"ListItem\",\"position\":1,\"name\":\"Startseite\",\"item\":\"https:\\\/\\\/www.gruene-hessen.de\\\/landtag\\\/\"},{\"@type\":\"ListItem\",\"position\":2,\"name\":\"Fraktion\",\"item\":\"https:\\\/\\\/www.gruene-hessen.de\\\/landtag\\\/fraktion\\\/\"},{\"@type\":\"ListItem\",\"position\":3,\"name\":\"Vorstand\"}]},{\"@type\":\"WebSite\",\"@id\":\"https:\\\/\\\/www.gruene-hessen.de\\\/landtag\\\/#website\",\"url\":\"https:\\\/\\\/www.gruene-hessen.de\\\/landtag\\\/\",\"name\":\"Fraktion B\u00fcndnis 90\\\/Die Gr\u00fcnen im Hessischen Landtag\",\"description\":\"\",\"publisher\":{\"@id\":\"https:\\\/\\\/www.gruene-hessen.de\\\/landtag\\\/#organization\"},\"potentialAction\":[{\"@type\":\"SearchAction\",\"target\":{\"@type\":\"EntryPoint\",\"urlTemplate\":\"https:\\\/\\\/www.gruene-hessen.de\\\/landtag\\\/?s={search_term_string}\"},\"query-input\":{\"@type\":\"PropertyValueSpecification\",\"valueRequired\":true,\"valueName\":\"search_term_string\"}}],\"inLanguage\":\"de\"},{\"@type\":\"Organization\",\"@id\":\"https:\\\/\\\/www.gruene-hessen.de\\\/landtag\\\/#organization\",\"name\":\"Fraktion B\u00fcndnis 90\\\/Die Gr\u00fcnen im Hessischen Landtag\",\"url\":\"https:\\\/\\\/www.gruene-hessen.de\\\/landtag\\\/\",\"logo\":{\"@type\":\"ImageObject\",\"inLanguage\":\"de\",\"@id\":\"https:\\\/\\\/www.gruene-hessen.de\\\/landtag\\\/#\\\/schema\\\/logo\\\/image\\\/\",\"url\":\"https:\\\/\\\/www.gruene-hessen.de\\\/landtag\\\/files\\\/2023\\\/03\\\/Logo-LTF-Hessen-weiss-gruen-Pfade.png\",\"contentUrl\":\"https:\\\/\\\/www.gruene-hessen.de\\\/landtag\\\/files\\\/2023\\\/03\\\/Logo-LTF-Hessen-weiss-gruen-Pfade.png\",\"width\":1632,\"height\":1000,\"caption\":\"Fraktion B\u00fcndnis 90\\\/Die Gr\u00fcnen im Hessischen Landtag\"},\"image\":{\"@id\":\"https:\\\/\\\/www.gruene-hessen.de\\\/landtag\\\/#\\\/schema\\\/logo\\\/image\\\/\"},\"sameAs\":[\"https:\\\/\\\/www.facebook.com\\\/gruenehessen\",\"https:\\\/\\\/x.com\\\/gruenehessen\",\"https:\\\/\\\/www.instagram.com\\\/gruenehessen\\\/\"]}]}<\/script>\n<!-- \/ Yoast SEO plugin. -->","yoast_head_json":{"title":"Vorstand - Fraktion B\u00fcndnis 90\/Die Gr\u00fcnen im Hessischen Landtag","robots":{"index":"index","follow":"follow","max-snippet":"max-snippet:-1","max-image-preview":"max-image-preview:large","max-video-preview":"max-video-preview:-1"},"canonical":"https:\/\/www.gruene-hessen.de\/landtag\/fraktion\/vorstand\/","og_locale":"de_DE","og_type":"article","og_title":"Vorstand - Fraktion B\u00fcndnis 90\/Die Gr\u00fcnen im Hessischen Landtag","og_description":"22 Abgeordnete, 12 Frauen und 10 M\u00e4nner, das ist die Fraktion von B\u00fcndnis 90\/Die Gr\u00fcnen im 21. Hessischen Landtag. Sieben von ihnen stellen den Vorstand, der zu Beginn und in der Mitte der Legislaturperiode von der Fraktionsversammlung aller Abgeordneten gew\u00e4hlt wird. Die folgenden Abgeordneten bilden derzeit den Fraktionsvorstand:","og_url":"https:\/\/www.gruene-hessen.de\/landtag\/fraktion\/vorstand\/","og_site_name":"Fraktion B\u00fcndnis 90\/Die Gr\u00fcnen im Hessischen Landtag","article_publisher":"https:\/\/www.facebook.com\/gruenehessen","article_modified_time":"2024-01-18T13:21:18+00:00","og_image":[{"width":705,"height":160,"url":"https:\/\/www.gruene-hessen.de\/landtag\/files\/2010\/08\/willkommen.jpg","type":"image\/jpeg"}],"twitter_card":"summary_large_image","twitter_site":"@gruenehessen","twitter_misc":{"Gesch\u00e4tzte Lesezeit":"1\u00a0Minute"},"schema":{"@context":"https:\/\/schema.org","@graph":[{"@type":"WebPage","@id":"https:\/\/www.gruene-hessen.de\/landtag\/fraktion\/vorstand\/","url":"https:\/\/www.gruene-hessen.de\/landtag\/fraktion\/vorstand\/","name":"Vorstand - Fraktion B\u00fcndnis 90\/Die Gr\u00fcnen im Hessischen Landtag","isPartOf":{"@id":"https:\/\/www.gruene-hessen.de\/landtag\/#website"},"primaryImageOfPage":{"@id":"https:\/\/www.gruene-hessen.de\/landtag\/fraktion\/vorstand\/#primaryimage"},"image":{"@id":"https:\/\/www.gruene-hessen.de\/landtag\/fraktion\/vorstand\/#primaryimage"},"thumbnailUrl":"https:\/\/www.gruene-hessen.de\/landtag\/wp-content\/blogs.dir\/2\/files\/2010\/08\/willkommen.jpg","datePublished":"2010-08-16T12:19:27+00:00","dateModified":"2024-01-18T13:21:18+00:00","breadcrumb":{"@id":"https:\/\/www.gruene-hessen.de\/landtag\/fraktion\/vorstand\/#breadcrumb"},"inLanguage":"de","potentialAction":[{"@type":"ReadAction","target":["https:\/\/www.gruene-hessen.de\/landtag\/fraktion\/vorstand\/"]}]},{"@type":"ImageObject","inLanguage":"de","@id":"https:\/\/www.gruene-hessen.de\/landtag\/fraktion\/vorstand\/#primaryimage","url":"https:\/\/www.gruene-hessen.de\/landtag\/wp-content\/blogs.dir\/2\/files\/2010\/08\/willkommen.jpg","contentUrl":"https:\/\/www.gruene-hessen.de\/landtag\/wp-content\/blogs.dir\/2\/files\/2010\/08\/willkommen.jpg","width":705,"height":160,"caption":"Hessischer Landtag"},{"@type":"BreadcrumbList","@id":"https:\/\/www.gruene-hessen.de\/landtag\/fraktion\/vorstand\/#breadcrumb","itemListElement":[{"@type":"ListItem","position":1,"name":"Startseite","item":"https:\/\/www.gruene-hessen.de\/landtag\/"},{"@type":"ListItem","position":2,"name":"Fraktion","item":"https:\/\/www.gruene-hessen.de\/landtag\/fraktion\/"},{"@type":"ListItem","position":3,"name":"Vorstand"}]},{"@type":"WebSite","@id":"https:\/\/www.gruene-hessen.de\/landtag\/#website","url":"https:\/\/www.gruene-hessen.de\/landtag\/","name":"Fraktion B\u00fcndnis 90\/Die Gr\u00fcnen im Hessischen Landtag","description":"","publisher":{"@id":"https:\/\/www.gruene-hessen.de\/landtag\/#organization"},"potentialAction":[{"@type":"SearchAction","target":{"@type":"EntryPoint","urlTemplate":"https:\/\/www.gruene-hessen.de\/landtag\/?s={search_term_string}"},"query-input":{"@type":"PropertyValueSpecification","valueRequired":true,"valueName":"search_term_string"}}],"inLanguage":"de"},{"@type":"Organization","@id":"https:\/\/www.gruene-hessen.de\/landtag\/#organization","name":"Fraktion B\u00fcndnis 90\/Die Gr\u00fcnen im Hessischen Landtag","url":"https:\/\/www.gruene-hessen.de\/landtag\/","logo":{"@type":"ImageObject","inLanguage":"de","@id":"https:\/\/www.gruene-hessen.de\/landtag\/#\/schema\/logo\/image\/","url":"https:\/\/www.gruene-hessen.de\/landtag\/files\/2023\/03\/Logo-LTF-Hessen-weiss-gruen-Pfade.png","contentUrl":"https:\/\/www.gruene-hessen.de\/landtag\/files\/2023\/03\/Logo-LTF-Hessen-weiss-gruen-Pfade.png","width":1632,"height":1000,"caption":"Fraktion B\u00fcndnis 90\/Die Gr\u00fcnen im Hessischen Landtag"},"image":{"@id":"https:\/\/www.gruene-hessen.de\/landtag\/#\/schema\/logo\/image\/"},"sameAs":["https:\/\/www.facebook.com\/gruenehessen","https:\/\/x.com\/gruenehessen","https:\/\/www.instagram.com\/gruenehessen\/"]}]}},"_links":{"self":[{"href":"https:\/\/www.gruene-hessen.de\/landtag\/wp-json\/wp\/v2\/pages\/94","targetHints":{"allow":["GET"]}}],"collection":[{"href":"https:\/\/www.gruene-hessen.de\/landtag\/wp-json\/wp\/v2\/pages"}],"about":[{"href":"https:\/\/www.gruene-hessen.de\/landtag\/wp-json\/wp\/v2\/types\/page"}],"author":[{"embeddable":true,"href":"https:\/\/www.gruene-hessen.de\/landtag\/wp-json\/wp\/v2\/users\/3"}],"replies":[{"embeddable":true,"href":"https:\/\/www.gruene-hessen.de\/landtag\/wp-json\/wp\/v2\/comments?post=94"}],"version-history":[{"count":6,"href":"https:\/\/www.gruene-hessen.de\/landtag\/wp-json\/wp\/v2\/pages\/94\/revisions"}],"predecessor-version":[{"id":32805,"href":"https:\/\/www.gruene-hessen.de\/landtag\/wp-json\/wp\/v2\/pages\/94\/revisions\/32805"}],"up":[{"embeddable":true,"href":"https:\/\/www.gruene-hessen.de\/landtag\/wp-json\/wp\/v2\/pages\/91"}],"wp:featuredmedia":[{"embeddable":true,"href":"https:\/\/www.gruene-hessen.de\/landtag\/wp-json\/wp\/v2\/media\/8988"}],"wp:attachment":[{"href":"https:\/\/www.gruene-hessen.de\/landtag\/wp-json\/wp\/v2\/media?parent=94"}],"curies":[{"name":"wp","href":"https:\/\/api.w.org\/{rel}","templated":true}]}}

<p>22 Abgeordnete, 12 Frauen und 10 Männer, das ist die Fraktion von Bündnis 90/Die Grünen im 21. Hessischen Landtag. Sieben von ihnen stellen den Vorstand, der zu Beginn und in der Mitte der Legislaturperiode von der Fraktionsversammlung aller Abgeordneten gewählt wird. Die folgenden Abgeordneten bilden derzeit den Fraktionsvorstand:</p>

<!-- This site is optimized with the Yoast SEO plugin v27.4 - https://yoast.com/product/yoast-seo-wordpress/ -->
<title>Vorstand - Fraktion Bündnis 90/Die Grünen im Hessischen Landtag</title>
<meta name="robots" content="index, follow, max-snippet:-1, max-image-preview:large, max-video-preview:-1" />
<link rel="canonical" href="https://www.gruene-hessen.de/landtag/fraktion/vorstand/" />
<meta property="og:locale" content="de_DE" />
<meta property="og:type" content="article" />
<meta property="og:title" content="Vorstand - Fraktion Bündnis 90/Die Grünen im Hessischen Landtag" />
<meta property="og:description" content="22 Abgeordnete, 12 Frauen und 10 Männer, das ist die Fraktion von Bündnis 90/Die Grünen im 21. Hessischen Landtag. Sieben von ihnen stellen den Vorstand, der zu Beginn und in der Mitte der Legislaturperiode von der Fraktionsversammlung aller Abgeordneten gewählt wird. Die folgenden Abgeordneten bilden derzeit den Fraktionsvorstand:" />
<meta property="og:url" content="https://www.gruene-hessen.de/landtag/fraktion/vorstand/" />
<meta property="og:site_name" content="Fraktion Bündnis 90/Die Grünen im Hessischen Landtag" />
<meta property="article:publisher" content="https://www.facebook.com/gruenehessen" />
<meta property="article:modified_time" content="2024-01-18T13:21:18+00:00" />
<meta property="og:image" content="https://www.gruene-hessen.de/landtag/files/2010/08/willkommen.jpg" />
	<meta property="og:image:width" content="705" />
	<meta property="og:image:height" content="160" />
	<meta property="og:image:type" content="image/jpeg" />
<meta name="twitter:card" content="summary_large_image" />
<meta name="twitter:site" content="@gruenehessen" />
<meta name="twitter:label1" content="Geschätzte Lesezeit" />
	<meta name="twitter:data1" content="1 Minute" />
<script type="application/ld+json" class="yoast-schema-graph">{"@context":"https:\/\/schema.org","@graph":[{"@type":"WebPage","@id":"https:\/\/www.gruene-hessen.de\/landtag\/fraktion\/vorstand\/","url":"https:\/\/www.gruene-hessen.de\/landtag\/fraktion\/vorstand\/","name":"Vorstand - Fraktion Bündnis 90\/Die Grünen im Hessischen Landtag","isPartOf":{"@id":"https:\/\/www.gruene-hessen.de\/landtag\/#website"},"primaryImageOfPage":{"@id":"https:\/\/www.gruene-hessen.de\/landtag\/fraktion\/vorstand\/#primaryimage"},"image":{"@id":"https:\/\/www.gruene-hessen.de\/landtag\/fraktion\/vorstand\/#primaryimage"},"thumbnailUrl":"https:\/\/www.gruene-hessen.de\/landtag\/wp-content\/blogs.dir\/2\/files\/2010\/08\/willkommen.jpg","datePublished":"2010-08-16T12:19:27+00:00","dateModified":"2024-01-18T13:21:18+00:00","breadcrumb":{"@id":"https:\/\/www.gruene-hessen.de\/landtag\/fraktion\/vorstand\/#breadcrumb"},"inLanguage":"de","potentialAction":[{"@type":"ReadAction","target":["https:\/\/www.gruene-hessen.de\/landtag\/fraktion\/vorstand\/"]}]},{"@type":"ImageObject","inLanguage":"de","@id":"https:\/\/www.gruene-hessen.de\/landtag\/fraktion\/vorstand\/#primaryimage","url":"https:\/\/www.gruene-hessen.de\/landtag\/wp-content\/blogs.dir\/2\/files\/2010\/08\/willkommen.jpg","contentUrl":"https:\/\/www.gruene-hessen.de\/landtag\/wp-content\/blogs.dir\/2\/files\/2010\/08\/willkommen.jpg","width":705,"height":160,"caption":"Hessischer Landtag"},{"@type":"BreadcrumbList","@id":"https:\/\/www.gruene-hessen.de\/landtag\/fraktion\/vorstand\/#breadcrumb","itemListElement":[{"@type":"ListItem","position":1,"name":"Startseite","item":"https:\/\/www.gruene-hessen.de\/landtag\/"},{"@type":"ListItem","position":2,"name":"Fraktion","item":"https:\/\/www.gruene-hessen.de\/landtag\/fraktion\/"},{"@type":"ListItem","position":3,"name":"Vorstand"}]},{"@type":"WebSite","@id":"https:\/\/www.gruene-hessen.de\/landtag\/#website","url":"https:\/\/www.gruene-hessen.de\/landtag\/","name":"Fraktion Bündnis 90\/Die Grünen im Hessischen Landtag","description":"","publisher":{"@id":"https:\/\/www.gruene-hessen.de\/landtag\/#organization"},"potentialAction":[{"@type":"SearchAction","target":{"@type":"EntryPoint","urlTemplate":"https:\/\/www.gruene-hessen.de\/landtag\/?s={search_term_string}"},"query-input":{"@type":"PropertyValueSpecification","valueRequired":true,"valueName":"search_term_string"}}],"inLanguage":"de"},{"@type":"Organization","@id":"https:\/\/www.gruene-hessen.de\/landtag\/#organization","name":"Fraktion Bündnis 90\/Die Grünen im Hessischen Landtag","url":"https:\/\/www.gruene-hessen.de\/landtag\/","logo":{"@type":"ImageObject","inLanguage":"de","@id":"https:\/\/www.gruene-hessen.de\/landtag\/#\/schema\/logo\/image\/","url":"https:\/\/www.gruene-hessen.de\/landtag\/files\/2023\/03\/Logo-LTF-Hessen-weiss-gruen-Pfade.png","contentUrl":"https:\/\/www.gruene-hessen.de\/landtag\/files\/2023\/03\/Logo-LTF-Hessen-weiss-gruen-Pfade.png","width":1632,"height":1000,"caption":"Fraktion Bündnis 90\/Die Grünen im Hessischen Landtag"},"image":{"@id":"https:\/\/www.gruene-hessen.de\/landtag\/#\/schema\/logo\/image\/"},"sameAs":["https:\/\/www.facebook.com\/gruenehessen","https:\/\/x.com\/gruenehessen","https:\/\/www.instagram.com\/gruenehessen\/"]}]}</script>
<!-- / Yoast SEO plugin. -->

Vorstand - Fraktion Bündnis 90/Die Grünen im Hessischen Landtag

22 Abgeordnete, 12 Frauen und 10 Männer, das ist die Fraktion von Bündnis 90/Die Grünen im 21. Hessischen Landtag. Sieben von ihnen stellen den Vorstand, der zu Beginn und in der Mitte der Legislaturperiode von der Fraktionsversammlung aller Abgeordneten gewählt wird. Die folgenden Abgeordneten bilden derzeit den Fraktionsvorstand:

Fraktion Bündnis 90/Die Grünen im Hessischen Landtag
