{"id":33883,"date":"2024-10-10T13:15:07","date_gmt":"2024-10-10T11:15:07","guid":{"rendered":"https:\/\/www.gruene-hessen.de\/landtag\/?page_id=33883"},"modified":"2024-11-25T08:57:13","modified_gmt":"2024-11-25T07:57:13","slug":"fachgespraech-bodenpolitik","status":"publish","type":"page","link":"https:\/\/www.gruene-hessen.de\/landtag\/fachgespraech-bodenpolitik\/","title":{"rendered":"\u201eKein Land in Sicht?\u201c Landwirtschaftliches Fachgespr\u00e4ch f\u00fcr eine faire Bodenpolitik in Hessen"},"content":{"rendered":"\n<p>Landwirtinnen brauchen Land \u2013 aber der Zugang wird immer schwieriger, auch bei uns in Hessen. Die Kauf- und Pachtpreise steigen, die Fl\u00e4chenkonkurrenz nimmt zu. Gerade Junglandwirtinnen und Existenzgr\u00fcnder*innen stehen vor gro\u00dfen Herausforderungen. Dieser Trend hat gravierende Auswirkungen auf die heimische Lebensmittelproduktion und das Zusammenleben im l\u00e4ndlichen Raum.<\/p>\n\n\n\n<p>Wir laden Sie ein, diese Problematik und m\u00f6gliche L\u00f6sungsans\u00e4tze mit uns im Rahmen eines landwirtschaftlichen Fachgespr\u00e4ches zu diskutieren.<\/p>\n\n\n\n<p class=\"has-text-align-center\"><br><strong>Wo:<\/strong> <strong>Hessischer Landtag<\/strong>, Schlossplatz 1-3, 65183 Wiesbaden &#8211; <strong>Eingang Grabenstra\u00dfe<\/strong><br><strong>Wann:<\/strong> Donnerstag, den <strong>28. November 2024<\/strong> 9:00-13:30 Uhr<\/p>\n\n\n\n<div style=\"height:20px\" aria-hidden=\"true\" class=\"wp-block-spacer\"><\/div>\n\n\n\n<p>Weitere Informationen finden Sie hier: <a href=\"https:\/\/www.gruene-hessen.de\/landtag\/files\/2024\/10\/Ablauf-Bodenpolitik-neu.pdf\" target=\"_blank\" rel=\"noreferrer noopener\">Programm Fachgespr\u00e4ch Bodenpolitik (PDF)<\/a><\/p>\n\n\n\n<p><strong>Die Anmeldung ist geschlossen. <\/strong>Bei Fragen wenden Sie sich bitte an <a href=\"mailto:i.kemper@ltg.hessen.de\" target=\"_blank\" rel=\"noreferrer noopener\">i.kemper@ltg.hessen.de<\/a>.<\/p>\n\n\n\n<p><\/p>\n","protected":false},"excerpt":{"rendered":"<p>Landwirtinnen brauchen Land \u2013 aber der Zugang wird immer schwieriger, auch bei uns in Hessen. Die Kauf- und Pachtpreise steigen, die Fl\u00e4chenkonkurrenz nimmt zu. Gerade Junglandwirtinnen und Existenzgr\u00fcnder*innen stehen vor gro\u00dfen Herausforderungen. Dieser Trend hat gravierende Auswirkungen auf die heimische Lebensmittelproduktion und das Zusammenleben im l\u00e4ndlichen Raum. Wir laden Sie ein, diese Problematik und m\u00f6gliche [&hellip;]<\/p>\n","protected":false},"author":3,"featured_media":0,"parent":0,"menu_order":0,"comment_status":"closed","ping_status":"closed","template":"","meta":{"_acf_changed":false,"ngg_post_thumbnail":0,"footnotes":""},"class_list":["post-33883","page","type-page","status-publish","hentry"],"acf":[],"yoast_head":"<!-- This site is optimized with the Yoast SEO plugin v27.5 - https:\/\/yoast.com\/product\/yoast-seo-wordpress\/ -->\n<title>\u201eKein Land in Sicht?\u201c Landwirtschaftliches Fachgespr\u00e4ch f\u00fcr eine faire Bodenpolitik in Hessen - Fraktion B\u00fcndnis 90\/Die Gr\u00fcnen im Hessischen Landtag<\/title>\n<meta name=\"robots\" content=\"index, follow, max-snippet:-1, max-image-preview:large, max-video-preview:-1\" \/>\n<link rel=\"canonical\" href=\"https:\/\/www.gruene-hessen.de\/landtag\/fachgespraech-bodenpolitik\/\" \/>\n<meta property=\"og:locale\" content=\"de_DE\" \/>\n<meta property=\"og:type\" content=\"article\" \/>\n<meta property=\"og:title\" content=\"\u201eKein Land in Sicht?\u201c Landwirtschaftliches Fachgespr\u00e4ch f\u00fcr eine faire Bodenpolitik in Hessen - Fraktion B\u00fcndnis 90\/Die Gr\u00fcnen im Hessischen Landtag\" \/>\n<meta property=\"og:description\" content=\"Landwirtinnen brauchen Land \u2013 aber der Zugang wird immer schwieriger, auch bei uns in Hessen. Die Kauf- und Pachtpreise steigen, die Fl\u00e4chenkonkurrenz nimmt zu. Gerade Junglandwirtinnen und Existenzgr\u00fcnder*innen stehen vor gro\u00dfen Herausforderungen. Dieser Trend hat gravierende Auswirkungen auf die heimische Lebensmittelproduktion und das Zusammenleben im l\u00e4ndlichen Raum. Wir laden Sie ein, diese Problematik und m\u00f6gliche [&hellip;]\" \/>\n<meta property=\"og:url\" content=\"https:\/\/www.gruene-hessen.de\/landtag\/fachgespraech-bodenpolitik\/\" \/>\n<meta property=\"og:site_name\" content=\"Fraktion B\u00fcndnis 90\/Die Gr\u00fcnen im Hessischen Landtag\" \/>\n<meta property=\"article:publisher\" content=\"https:\/\/www.facebook.com\/gruenehessen\" \/>\n<meta property=\"article:modified_time\" content=\"2024-11-25T07:57:13+00:00\" \/>\n<meta name=\"twitter:card\" content=\"summary_large_image\" \/>\n<meta name=\"twitter:site\" content=\"@gruenehessen\" \/>\n<meta name=\"twitter:label1\" content=\"Gesch\u00e4tzte Lesezeit\" \/>\n\t<meta name=\"twitter:data1\" content=\"1\u00a0Minute\" \/>\n<script type=\"application\/ld+json\" class=\"yoast-schema-graph\">{\"@context\":\"https:\\\/\\\/schema.org\",\"@graph\":[{\"@type\":\"WebPage\",\"@id\":\"https:\\\/\\\/www.gruene-hessen.de\\\/landtag\\\/fachgespraech-bodenpolitik\\\/\",\"url\":\"https:\\\/\\\/www.gruene-hessen.de\\\/landtag\\\/fachgespraech-bodenpolitik\\\/\",\"name\":\"\u201eKein Land in Sicht?\u201c Landwirtschaftliches Fachgespr\u00e4ch f\u00fcr eine faire Bodenpolitik in Hessen - Fraktion B\u00fcndnis 90\\\/Die Gr\u00fcnen im Hessischen Landtag\",\"isPartOf\":{\"@id\":\"https:\\\/\\\/www.gruene-hessen.de\\\/landtag\\\/#website\"},\"datePublished\":\"2024-10-10T11:15:07+00:00\",\"dateModified\":\"2024-11-25T07:57:13+00:00\",\"breadcrumb\":{\"@id\":\"https:\\\/\\\/www.gruene-hessen.de\\\/landtag\\\/fachgespraech-bodenpolitik\\\/#breadcrumb\"},\"inLanguage\":\"de\",\"potentialAction\":[{\"@type\":\"ReadAction\",\"target\":[\"https:\\\/\\\/www.gruene-hessen.de\\\/landtag\\\/fachgespraech-bodenpolitik\\\/\"]}]},{\"@type\":\"BreadcrumbList\",\"@id\":\"https:\\\/\\\/www.gruene-hessen.de\\\/landtag\\\/fachgespraech-bodenpolitik\\\/#breadcrumb\",\"itemListElement\":[{\"@type\":\"ListItem\",\"position\":1,\"name\":\"Startseite\",\"item\":\"https:\\\/\\\/www.gruene-hessen.de\\\/landtag\\\/\"},{\"@type\":\"ListItem\",\"position\":2,\"name\":\"\u201eKein Land in Sicht?\u201c Landwirtschaftliches Fachgespr\u00e4ch f\u00fcr eine faire Bodenpolitik in Hessen\"}]},{\"@type\":\"WebSite\",\"@id\":\"https:\\\/\\\/www.gruene-hessen.de\\\/landtag\\\/#website\",\"url\":\"https:\\\/\\\/www.gruene-hessen.de\\\/landtag\\\/\",\"name\":\"Fraktion B\u00fcndnis 90\\\/Die Gr\u00fcnen im Hessischen Landtag\",\"description\":\"\",\"publisher\":{\"@id\":\"https:\\\/\\\/www.gruene-hessen.de\\\/landtag\\\/#organization\"},\"potentialAction\":[{\"@type\":\"SearchAction\",\"target\":{\"@type\":\"EntryPoint\",\"urlTemplate\":\"https:\\\/\\\/www.gruene-hessen.de\\\/landtag\\\/?s={search_term_string}\"},\"query-input\":{\"@type\":\"PropertyValueSpecification\",\"valueRequired\":true,\"valueName\":\"search_term_string\"}}],\"inLanguage\":\"de\"},{\"@type\":\"Organization\",\"@id\":\"https:\\\/\\\/www.gruene-hessen.de\\\/landtag\\\/#organization\",\"name\":\"Fraktion B\u00fcndnis 90\\\/Die Gr\u00fcnen im Hessischen Landtag\",\"url\":\"https:\\\/\\\/www.gruene-hessen.de\\\/landtag\\\/\",\"logo\":{\"@type\":\"ImageObject\",\"inLanguage\":\"de\",\"@id\":\"https:\\\/\\\/www.gruene-hessen.de\\\/landtag\\\/#\\\/schema\\\/logo\\\/image\\\/\",\"url\":\"https:\\\/\\\/www.gruene-hessen.de\\\/landtag\\\/files\\\/2023\\\/03\\\/Logo-LTF-Hessen-weiss-gruen-Pfade.png\",\"contentUrl\":\"https:\\\/\\\/www.gruene-hessen.de\\\/landtag\\\/files\\\/2023\\\/03\\\/Logo-LTF-Hessen-weiss-gruen-Pfade.png\",\"width\":1632,\"height\":1000,\"caption\":\"Fraktion B\u00fcndnis 90\\\/Die Gr\u00fcnen im Hessischen Landtag\"},\"image\":{\"@id\":\"https:\\\/\\\/www.gruene-hessen.de\\\/landtag\\\/#\\\/schema\\\/logo\\\/image\\\/\"},\"sameAs\":[\"https:\\\/\\\/www.facebook.com\\\/gruenehessen\",\"https:\\\/\\\/x.com\\\/gruenehessen\",\"https:\\\/\\\/www.instagram.com\\\/gruenehessen\\\/\"]}]}<\/script>\n<!-- \/ Yoast SEO plugin. -->","yoast_head_json":{"title":"\u201eKein Land in Sicht?\u201c Landwirtschaftliches Fachgespr\u00e4ch f\u00fcr eine faire Bodenpolitik in Hessen - Fraktion B\u00fcndnis 90\/Die Gr\u00fcnen im Hessischen Landtag","robots":{"index":"index","follow":"follow","max-snippet":"max-snippet:-1","max-image-preview":"max-image-preview:large","max-video-preview":"max-video-preview:-1"},"canonical":"https:\/\/www.gruene-hessen.de\/landtag\/fachgespraech-bodenpolitik\/","og_locale":"de_DE","og_type":"article","og_title":"\u201eKein Land in Sicht?\u201c Landwirtschaftliches Fachgespr\u00e4ch f\u00fcr eine faire Bodenpolitik in Hessen - Fraktion B\u00fcndnis 90\/Die Gr\u00fcnen im Hessischen Landtag","og_description":"Landwirtinnen brauchen Land \u2013 aber der Zugang wird immer schwieriger, auch bei uns in Hessen. Die Kauf- und Pachtpreise steigen, die Fl\u00e4chenkonkurrenz nimmt zu. Gerade Junglandwirtinnen und Existenzgr\u00fcnder*innen stehen vor gro\u00dfen Herausforderungen. Dieser Trend hat gravierende Auswirkungen auf die heimische Lebensmittelproduktion und das Zusammenleben im l\u00e4ndlichen Raum. Wir laden Sie ein, diese Problematik und m\u00f6gliche [&hellip;]","og_url":"https:\/\/www.gruene-hessen.de\/landtag\/fachgespraech-bodenpolitik\/","og_site_name":"Fraktion B\u00fcndnis 90\/Die Gr\u00fcnen im Hessischen Landtag","article_publisher":"https:\/\/www.facebook.com\/gruenehessen","article_modified_time":"2024-11-25T07:57:13+00:00","twitter_card":"summary_large_image","twitter_site":"@gruenehessen","twitter_misc":{"Gesch\u00e4tzte Lesezeit":"1\u00a0Minute"},"schema":{"@context":"https:\/\/schema.org","@graph":[{"@type":"WebPage","@id":"https:\/\/www.gruene-hessen.de\/landtag\/fachgespraech-bodenpolitik\/","url":"https:\/\/www.gruene-hessen.de\/landtag\/fachgespraech-bodenpolitik\/","name":"\u201eKein Land in Sicht?\u201c Landwirtschaftliches Fachgespr\u00e4ch f\u00fcr eine faire Bodenpolitik in Hessen - Fraktion B\u00fcndnis 90\/Die Gr\u00fcnen im Hessischen Landtag","isPartOf":{"@id":"https:\/\/www.gruene-hessen.de\/landtag\/#website"},"datePublished":"2024-10-10T11:15:07+00:00","dateModified":"2024-11-25T07:57:13+00:00","breadcrumb":{"@id":"https:\/\/www.gruene-hessen.de\/landtag\/fachgespraech-bodenpolitik\/#breadcrumb"},"inLanguage":"de","potentialAction":[{"@type":"ReadAction","target":["https:\/\/www.gruene-hessen.de\/landtag\/fachgespraech-bodenpolitik\/"]}]},{"@type":"BreadcrumbList","@id":"https:\/\/www.gruene-hessen.de\/landtag\/fachgespraech-bodenpolitik\/#breadcrumb","itemListElement":[{"@type":"ListItem","position":1,"name":"Startseite","item":"https:\/\/www.gruene-hessen.de\/landtag\/"},{"@type":"ListItem","position":2,"name":"\u201eKein Land in Sicht?\u201c Landwirtschaftliches Fachgespr\u00e4ch f\u00fcr eine faire Bodenpolitik in Hessen"}]},{"@type":"WebSite","@id":"https:\/\/www.gruene-hessen.de\/landtag\/#website","url":"https:\/\/www.gruene-hessen.de\/landtag\/","name":"Fraktion B\u00fcndnis 90\/Die Gr\u00fcnen im Hessischen Landtag","description":"","publisher":{"@id":"https:\/\/www.gruene-hessen.de\/landtag\/#organization"},"potentialAction":[{"@type":"SearchAction","target":{"@type":"EntryPoint","urlTemplate":"https:\/\/www.gruene-hessen.de\/landtag\/?s={search_term_string}"},"query-input":{"@type":"PropertyValueSpecification","valueRequired":true,"valueName":"search_term_string"}}],"inLanguage":"de"},{"@type":"Organization","@id":"https:\/\/www.gruene-hessen.de\/landtag\/#organization","name":"Fraktion B\u00fcndnis 90\/Die Gr\u00fcnen im Hessischen Landtag","url":"https:\/\/www.gruene-hessen.de\/landtag\/","logo":{"@type":"ImageObject","inLanguage":"de","@id":"https:\/\/www.gruene-hessen.de\/landtag\/#\/schema\/logo\/image\/","url":"https:\/\/www.gruene-hessen.de\/landtag\/files\/2023\/03\/Logo-LTF-Hessen-weiss-gruen-Pfade.png","contentUrl":"https:\/\/www.gruene-hessen.de\/landtag\/files\/2023\/03\/Logo-LTF-Hessen-weiss-gruen-Pfade.png","width":1632,"height":1000,"caption":"Fraktion B\u00fcndnis 90\/Die Gr\u00fcnen im Hessischen Landtag"},"image":{"@id":"https:\/\/www.gruene-hessen.de\/landtag\/#\/schema\/logo\/image\/"},"sameAs":["https:\/\/www.facebook.com\/gruenehessen","https:\/\/x.com\/gruenehessen","https:\/\/www.instagram.com\/gruenehessen\/"]}]}},"_links":{"self":[{"href":"https:\/\/www.gruene-hessen.de\/landtag\/wp-json\/wp\/v2\/pages\/33883","targetHints":{"allow":["GET"]}}],"collection":[{"href":"https:\/\/www.gruene-hessen.de\/landtag\/wp-json\/wp\/v2\/pages"}],"about":[{"href":"https:\/\/www.gruene-hessen.de\/landtag\/wp-json\/wp\/v2\/types\/page"}],"author":[{"embeddable":true,"href":"https:\/\/www.gruene-hessen.de\/landtag\/wp-json\/wp\/v2\/users\/3"}],"replies":[{"embeddable":true,"href":"https:\/\/www.gruene-hessen.de\/landtag\/wp-json\/wp\/v2\/comments?post=33883"}],"version-history":[{"count":10,"href":"https:\/\/www.gruene-hessen.de\/landtag\/wp-json\/wp\/v2\/pages\/33883\/revisions"}],"predecessor-version":[{"id":34046,"href":"https:\/\/www.gruene-hessen.de\/landtag\/wp-json\/wp\/v2\/pages\/33883\/revisions\/34046"}],"wp:attachment":[{"href":"https:\/\/www.gruene-hessen.de\/landtag\/wp-json\/wp\/v2\/media?parent=33883"}],"curies":[{"name":"wp","href":"https:\/\/api.w.org\/{rel}","templated":true}]}}

„Kein Land in Sicht?“ Landwirtschaftliches Fachgespräch für eine faire Bodenpolitik in Hessen

<p>Landwirtinnen brauchen Land – aber der Zugang wird immer schwieriger, auch bei uns in Hessen. Die Kauf- und Pachtpreise steigen, die Flächenkonkurrenz nimmt zu. Gerade Junglandwirtinnen und Existenzgründer*innen stehen vor großen Herausforderungen. Dieser Trend hat gravierende Auswirkungen auf die heimische Lebensmittelproduktion und das Zusammenleben im ländlichen Raum.</p>



<p>Wir laden Sie ein, diese Problematik und mögliche Lösungsansätze mit uns im Rahmen eines landwirtschaftlichen Fachgespräches zu diskutieren.</p>



<p class="has-text-align-center"><br><strong>Wo:</strong> <strong>Hessischer Landtag</strong>, Schlossplatz 1-3, 65183 Wiesbaden &#8211; <strong>Eingang Grabenstraße</strong><br><strong>Wann:</strong> Donnerstag, den <strong>28. November 2024</strong> 9:00-13:30 Uhr</p>



<div style="height:20px" aria-hidden="true" class="wp-block-spacer"></div>



<p>Weitere Informationen finden Sie hier: <a href="https://www.gruene-hessen.de/landtag/files/2024/10/Ablauf-Bodenpolitik-neu.pdf" target="_blank" rel="noreferrer noopener">Programm Fachgespräch Bodenpolitik (PDF)</a></p>



<p><strong>Die Anmeldung ist geschlossen. </strong>Bei Fragen wenden Sie sich bitte an <a href="mailto:i.kemper@ltg.hessen.de" target="_blank" rel="noreferrer noopener">i.kemper@ltg.hessen.de</a>.</p>



<p></p>

<p>Landwirtinnen brauchen Land – aber der Zugang wird immer schwieriger, auch bei uns in Hessen. Die Kauf- und Pachtpreise steigen, die Flächenkonkurrenz nimmt zu. Gerade Junglandwirtinnen und Existenzgründer*innen stehen vor großen Herausforderungen. Dieser Trend hat gravierende Auswirkungen auf die heimische Lebensmittelproduktion und das Zusammenleben im ländlichen Raum. Wir laden Sie ein, diese Problematik und mögliche [&hellip;]</p>

<!-- This site is optimized with the Yoast SEO plugin v27.5 - https://yoast.com/product/yoast-seo-wordpress/ -->
<title>„Kein Land in Sicht?“ Landwirtschaftliches Fachgespräch für eine faire Bodenpolitik in Hessen - Fraktion Bündnis 90/Die Grünen im Hessischen Landtag</title>
<meta name="robots" content="index, follow, max-snippet:-1, max-image-preview:large, max-video-preview:-1" />
<link rel="canonical" href="https://www.gruene-hessen.de/landtag/fachgespraech-bodenpolitik/" />
<meta property="og:locale" content="de_DE" />
<meta property="og:type" content="article" />
<meta property="og:title" content="„Kein Land in Sicht?“ Landwirtschaftliches Fachgespräch für eine faire Bodenpolitik in Hessen - Fraktion Bündnis 90/Die Grünen im Hessischen Landtag" />
<meta property="og:description" content="Landwirtinnen brauchen Land – aber der Zugang wird immer schwieriger, auch bei uns in Hessen. Die Kauf- und Pachtpreise steigen, die Flächenkonkurrenz nimmt zu. Gerade Junglandwirtinnen und Existenzgründer*innen stehen vor großen Herausforderungen. Dieser Trend hat gravierende Auswirkungen auf die heimische Lebensmittelproduktion und das Zusammenleben im ländlichen Raum. Wir laden Sie ein, diese Problematik und mögliche [&hellip;]" />
<meta property="og:url" content="https://www.gruene-hessen.de/landtag/fachgespraech-bodenpolitik/" />
<meta property="og:site_name" content="Fraktion Bündnis 90/Die Grünen im Hessischen Landtag" />
<meta property="article:publisher" content="https://www.facebook.com/gruenehessen" />
<meta property="article:modified_time" content="2024-11-25T07:57:13+00:00" />
<meta name="twitter:card" content="summary_large_image" />
<meta name="twitter:site" content="@gruenehessen" />
<meta name="twitter:label1" content="Geschätzte Lesezeit" />
	<meta name="twitter:data1" content="1 Minute" />
<script type="application/ld+json" class="yoast-schema-graph">{"@context":"https:\/\/schema.org","@graph":[{"@type":"WebPage","@id":"https:\/\/www.gruene-hessen.de\/landtag\/fachgespraech-bodenpolitik\/","url":"https:\/\/www.gruene-hessen.de\/landtag\/fachgespraech-bodenpolitik\/","name":"„Kein Land in Sicht?“ Landwirtschaftliches Fachgespräch für eine faire Bodenpolitik in Hessen - Fraktion Bündnis 90\/Die Grünen im Hessischen Landtag","isPartOf":{"@id":"https:\/\/www.gruene-hessen.de\/landtag\/#website"},"datePublished":"2024-10-10T11:15:07+00:00","dateModified":"2024-11-25T07:57:13+00:00","breadcrumb":{"@id":"https:\/\/www.gruene-hessen.de\/landtag\/fachgespraech-bodenpolitik\/#breadcrumb"},"inLanguage":"de","potentialAction":[{"@type":"ReadAction","target":["https:\/\/www.gruene-hessen.de\/landtag\/fachgespraech-bodenpolitik\/"]}]},{"@type":"BreadcrumbList","@id":"https:\/\/www.gruene-hessen.de\/landtag\/fachgespraech-bodenpolitik\/#breadcrumb","itemListElement":[{"@type":"ListItem","position":1,"name":"Startseite","item":"https:\/\/www.gruene-hessen.de\/landtag\/"},{"@type":"ListItem","position":2,"name":"„Kein Land in Sicht?“ Landwirtschaftliches Fachgespräch für eine faire Bodenpolitik in Hessen"}]},{"@type":"WebSite","@id":"https:\/\/www.gruene-hessen.de\/landtag\/#website","url":"https:\/\/www.gruene-hessen.de\/landtag\/","name":"Fraktion Bündnis 90\/Die Grünen im Hessischen Landtag","description":"","publisher":{"@id":"https:\/\/www.gruene-hessen.de\/landtag\/#organization"},"potentialAction":[{"@type":"SearchAction","target":{"@type":"EntryPoint","urlTemplate":"https:\/\/www.gruene-hessen.de\/landtag\/?s={search_term_string}"},"query-input":{"@type":"PropertyValueSpecification","valueRequired":true,"valueName":"search_term_string"}}],"inLanguage":"de"},{"@type":"Organization","@id":"https:\/\/www.gruene-hessen.de\/landtag\/#organization","name":"Fraktion Bündnis 90\/Die Grünen im Hessischen Landtag","url":"https:\/\/www.gruene-hessen.de\/landtag\/","logo":{"@type":"ImageObject","inLanguage":"de","@id":"https:\/\/www.gruene-hessen.de\/landtag\/#\/schema\/logo\/image\/","url":"https:\/\/www.gruene-hessen.de\/landtag\/files\/2023\/03\/Logo-LTF-Hessen-weiss-gruen-Pfade.png","contentUrl":"https:\/\/www.gruene-hessen.de\/landtag\/files\/2023\/03\/Logo-LTF-Hessen-weiss-gruen-Pfade.png","width":1632,"height":1000,"caption":"Fraktion Bündnis 90\/Die Grünen im Hessischen Landtag"},"image":{"@id":"https:\/\/www.gruene-hessen.de\/landtag\/#\/schema\/logo\/image\/"},"sameAs":["https:\/\/www.facebook.com\/gruenehessen","https:\/\/x.com\/gruenehessen","https:\/\/www.instagram.com\/gruenehessen\/"]}]}</script>
<!-- / Yoast SEO plugin. -->

„Kein Land in Sicht?“ Landwirtschaftliches Fachgespräch für eine faire Bodenpolitik in Hessen - Fraktion Bündnis 90/Die Grünen im Hessischen Landtag

Landwirtinnen brauchen Land – aber der Zugang wird immer schwieriger, auch bei uns in Hessen. Die Kauf- und Pachtpreise steigen, die Flächenkonkurrenz nimmt zu. Gerade Junglandwirtinnen und Existenzgründer*innen stehen vor großen Herausforderungen. Dieser Trend hat gravierende Auswirkungen auf die heimische Lebensmittelproduktion und das Zusammenleben im ländlichen Raum. Wir laden Sie ein, diese Problematik und mögliche [&hellip;]

Fraktion Bündnis 90/Die Grünen im Hessischen Landtag
