{"version":"1.0","provider_name":"Fraktion B\u00fcndnis 90\/Die Gr\u00fcnen im Hessischen Landtag","provider_url":"https:\/\/www.gruene-hessen.de\/landtag","author_name":"Till Haupt","author_url":"https:\/\/www.gruene-hessen.de\/landtag\/author\/t-haupt\/","title":"Wirtschaftspolitische Sommertour 5. \u2013 7. Juli 2011 - Schwerpunkte: Regenerative Energieerzeugung, alternative Wohnkonzepte und Wandertourismus in Mittelhessen - Fraktion B\u00fcndnis 90\/Die Gr\u00fcnen im Hessischen Landtag","type":"rich","width":600,"height":338,"html":"<blockquote class=\"wp-embedded-content\" data-secret=\"c1nWmEHEOV\"><a href=\"https:\/\/www.gruene-hessen.de\/landtag\/pressemitteilungen\/wirtschaftspolitisch\/\">Wirtschaftspolitische Sommertour 5. \u2013 7. Juli 2011 &#8211; Schwerpunkte: Regenerative Energieerzeugung, alternative Wohnkonzepte und Wandertourismus in Mittelhessen<\/a><\/blockquote><iframe sandbox=\"allow-scripts\" security=\"restricted\" src=\"https:\/\/www.gruene-hessen.de\/landtag\/pressemitteilungen\/wirtschaftspolitisch\/embed\/#?secret=c1nWmEHEOV\" width=\"600\" height=\"338\" title=\"&#8222;Wirtschaftspolitische Sommertour 5. \u2013 7. Juli 2011 &#8211; Schwerpunkte: Regenerative Energieerzeugung, alternative Wohnkonzepte und Wandertourismus in Mittelhessen&#8220; &#8211; Fraktion B\u00fcndnis 90\/Die Gr\u00fcnen im Hessischen Landtag\" data-secret=\"c1nWmEHEOV\" frameborder=\"0\" marginwidth=\"0\" marginheight=\"0\" scrolling=\"no\" class=\"wp-embedded-content\"><\/iframe><script type=\"text\/javascript\">\n\/* <![CDATA[ *\/\n\/*! This file is auto-generated *\/\n!function(d,l){\"use strict\";l.querySelector&&d.addEventListener&&\"undefined\"!=typeof URL&&(d.wp=d.wp||{},d.wp.receiveEmbedMessage||(d.wp.receiveEmbedMessage=function(e){var t=e.data;if((t||t.secret||t.message||t.value)&&!\/[^a-zA-Z0-9]\/.test(t.secret)){for(var s,r,n,a=l.querySelectorAll('iframe[data-secret=\"'+t.secret+'\"]'),o=l.querySelectorAll('blockquote[data-secret=\"'+t.secret+'\"]'),c=new RegExp(\"^https?:$\",\"i\"),i=0;i<o.length;i++)o[i].style.display=\"none\";for(i=0;i<a.length;i++)s=a[i],e.source===s.contentWindow&&(s.removeAttribute(\"style\"),\"height\"===t.message?(1e3<(r=parseInt(t.value,10))?r=1e3:~~r<200&&(r=200),s.height=r):\"link\"===t.message&&(r=new URL(s.getAttribute(\"src\")),n=new URL(t.value),c.test(n.protocol))&&n.host===r.host&&l.activeElement===s&&(d.top.location.href=t.value))}},d.addEventListener(\"message\",d.wp.receiveEmbedMessage,!1),l.addEventListener(\"DOMContentLoaded\",function(){for(var e,t,s=l.querySelectorAll(\"iframe.wp-embedded-content\"),r=0;r<s.length;r++)(t=(e=s[r]).getAttribute(\"data-secret\"))||(t=Math.random().toString(36).substring(2,12),e.src+=\"#?secret=\"+t,e.setAttribute(\"data-secret\",t)),e.contentWindow.postMessage({message:\"ready\",secret:t},\"*\")},!1)))}(window,document);\n\/\/# sourceURL=https:\/\/www.gruene-hessen.de\/landtag\/wp-includes\/js\/wp-embed.min.js\n\/* ]]> *\/\n<\/script>\n","description":"Der wirtschaftspolitische Sprecher der GR\u00dcNEN Landtagsfraktion, Kai Klose, startet am kommenden Dienstag, dem 5. Juli 2011, zu seiner allj\u00e4hrlichen Sommertour, die ihn diesmal schwerpunktm\u00e4\u00dfig nach Mittelhessen f\u00fchrt. Den Auftakt bildet in diesem Jahr die Besichtigung der Gie\u00dfener Stadtwerke AG, wo sich Klose \u00fcber den Einsatz von \u00d6kostrom und die Nachhaltigkeitsstrategie des Unternehmens im Hinblick auf [&hellip;]"}

Fraktion Bündnis 90/Die Grünen im Hessischen Landtag

Wirtschaftspolitische Sommertour 5. – 7. Juli 2011 - Schwerpunkte: Regenerative Energieerzeugung, alternative Wohnkonzepte und Wandertourismus in Mittelhessen - Fraktion Bündnis 90/Die Grünen im Hessischen Landtag

<blockquote class="wp-embedded-content" data-secret="c1nWmEHEOV"><a href="https://www.gruene-hessen.de/landtag/pressemitteilungen/wirtschaftspolitisch/">Wirtschaftspolitische Sommertour 5. – 7. Juli 2011 &#8211; Schwerpunkte: Regenerative Energieerzeugung, alternative Wohnkonzepte und Wandertourismus in Mittelhessen</a></blockquote><iframe sandbox="allow-scripts" security="restricted" src="https://www.gruene-hessen.de/landtag/pressemitteilungen/wirtschaftspolitisch/embed/#?secret=c1nWmEHEOV" width="600" height="338" title="&#8222;Wirtschaftspolitische Sommertour 5. – 7. Juli 2011 &#8211; Schwerpunkte: Regenerative Energieerzeugung, alternative Wohnkonzepte und Wandertourismus in Mittelhessen&#8220; &#8211; Fraktion Bündnis 90/Die Grünen im Hessischen Landtag" data-secret="c1nWmEHEOV" frameborder="0" marginwidth="0" marginheight="0" scrolling="no" class="wp-embedded-content"></iframe><script type="text/javascript">
/* <![CDATA[ */
/*! This file is auto-generated */
!function(d,l){"use strict";l.querySelector&&d.addEventListener&&"undefined"!=typeof URL&&(d.wp=d.wp||{},d.wp.receiveEmbedMessage||(d.wp.receiveEmbedMessage=function(e){var t=e.data;if((t||t.secret||t.message||t.value)&&!/[^a-zA-Z0-9]/.test(t.secret)){for(var s,r,n,a=l.querySelectorAll('iframe[data-secret="'+t.secret+'"]'),o=l.querySelectorAll('blockquote[data-secret="'+t.secret+'"]'),c=new RegExp("^https?:$","i"),i=0;i<o.length;i++)o[i].style.display="none";for(i=0;i<a.length;i++)s=a[i],e.source===s.contentWindow&&(s.removeAttribute("style"),"height"===t.message?(1e3<(r=parseInt(t.value,10))?r=1e3:~~r<200&&(r=200),s.height=r):"link"===t.message&&(r=new URL(s.getAttribute("src")),n=new URL(t.value),c.test(n.protocol))&&n.host===r.host&&l.activeElement===s&&(d.top.location.href=t.value))}},d.addEventListener("message",d.wp.receiveEmbedMessage,!1),l.addEventListener("DOMContentLoaded",function(){for(var e,t,s=l.querySelectorAll("iframe.wp-embedded-content"),r=0;r<s.length;r++)(t=(e=s[r]).getAttribute("data-secret"))||(t=Math.random().toString(36).substring(2,12),e.src+="#?secret="+t,e.setAttribute("data-secret",t)),e.contentWindow.postMessage({message:"ready",secret:t},"*")},!1)))}(window,document);
//# sourceURL=https://www.gruene-hessen.de/landtag/wp-includes/js/wp-embed.min.js
/* ]]> */
</script>

Der wirtschaftspolitische Sprecher der GRÜNEN Landtagsfraktion, Kai Klose, startet am kommenden Dienstag, dem 5. Juli 2011, zu seiner alljährlichen Sommertour, die ihn diesmal schwerpunktmäßig nach Mittelhessen führt. Den Auftakt bildet in diesem Jahr die Besichtigung der Gießener Stadtwerke AG, wo sich Klose über den Einsatz von Ökostrom und die Nachhaltigkeitsstrategie des Unternehmens im Hinblick auf [&hellip;]
