{"version":"1.0","provider_name":"Fraktion B\u00fcndnis 90\/Die Gr\u00fcnen im Hessischen Landtag","provider_url":"https:\/\/www.gruene-hessen.de\/landtag","author_name":"Till Haupt","author_url":"https:\/\/www.gruene-hessen.de\/landtag\/author\/t-haupt\/","title":"Einladung zur Pressekonferenz Waldgesetz - Fraktion B\u00fcndnis 90\/Die Gr\u00fcnen im Hessischen Landtag","type":"rich","width":600,"height":338,"html":"<blockquote class=\"wp-embedded-content\" data-secret=\"ekIO3MmuHg\"><a href=\"https:\/\/www.gruene-hessen.de\/landtag\/pressemitteilungen\/13990\/\">Einladung zur Pressekonferenz Waldgesetz<\/a><\/blockquote><iframe sandbox=\"allow-scripts\" security=\"restricted\" src=\"https:\/\/www.gruene-hessen.de\/landtag\/pressemitteilungen\/13990\/embed\/#?secret=ekIO3MmuHg\" width=\"600\" height=\"338\" title=\"&#8222;Einladung zur Pressekonferenz Waldgesetz&#8220; &#8211; Fraktion B\u00fcndnis 90\/Die Gr\u00fcnen im Hessischen Landtag\" data-secret=\"ekIO3MmuHg\" frameborder=\"0\" marginwidth=\"0\" marginheight=\"0\" scrolling=\"no\" class=\"wp-embedded-content\"><\/iframe><script type=\"text\/javascript\">\n\/* <![CDATA[ *\/\n\/*! This file is auto-generated *\/\n!function(d,l){\"use strict\";l.querySelector&&d.addEventListener&&\"undefined\"!=typeof URL&&(d.wp=d.wp||{},d.wp.receiveEmbedMessage||(d.wp.receiveEmbedMessage=function(e){var t=e.data;if((t||t.secret||t.message||t.value)&&!\/[^a-zA-Z0-9]\/.test(t.secret)){for(var s,r,n,a=l.querySelectorAll('iframe[data-secret=\"'+t.secret+'\"]'),o=l.querySelectorAll('blockquote[data-secret=\"'+t.secret+'\"]'),c=new RegExp(\"^https?:$\",\"i\"),i=0;i<o.length;i++)o[i].style.display=\"none\";for(i=0;i<a.length;i++)s=a[i],e.source===s.contentWindow&&(s.removeAttribute(\"style\"),\"height\"===t.message?(1e3<(r=parseInt(t.value,10))?r=1e3:~~r<200&&(r=200),s.height=r):\"link\"===t.message&&(r=new URL(s.getAttribute(\"src\")),n=new URL(t.value),c.test(n.protocol))&&n.host===r.host&&l.activeElement===s&&(d.top.location.href=t.value))}},d.addEventListener(\"message\",d.wp.receiveEmbedMessage,!1),l.addEventListener(\"DOMContentLoaded\",function(){for(var e,t,s=l.querySelectorAll(\"iframe.wp-embedded-content\"),r=0;r<s.length;r++)(t=(e=s[r]).getAttribute(\"data-secret\"))||(t=Math.random().toString(36).substring(2,12),e.src+=\"#?secret=\"+t,e.setAttribute(\"data-secret\",t)),e.contentWindow.postMessage({message:\"ready\",secret:t},\"*\")},!1)))}(window,document);\n\/\/# sourceURL=https:\/\/www.gruene-hessen.de\/landtag\/wp-includes\/js\/wp-embed.min.js\n\/* ]]> *\/\n<\/script>\n","thumbnail_url":"https:\/\/www.gruene-hessen.de\/landtag\/files\/2013\/08\/1Bannwald-Schild.jpg","thumbnail_width":250,"thumbnail_height":250,"description":"Liebe Kolleginnen, liebe Kollegen, der forstpolitische Sprecher der CDU, Dr. Walter Arnold, und die waldpolitische Sprecherin von B\u00dcNDNIS 90\/DIE GR\u00dcNEN, Martina Feldmayer, m\u00f6chten Ihnen gerne gemeinsam mit der Hessischen Umweltministerin, Priska Hinz, in einer Pressekonferenz den Entwurf f\u00fcr eine \u00c4nderung des hessischen Waldgesetzes f\u00fcr einen verst\u00e4rkten Bannwaldschutz vorstellen. Wir laden Sie herzlich ein f\u00fcr Montag, [&hellip;]"}

Fraktion Bündnis 90/Die Grünen im Hessischen Landtag

Einladung zur Pressekonferenz Waldgesetz - Fraktion Bündnis 90/Die Grünen im Hessischen Landtag

<blockquote class="wp-embedded-content" data-secret="ekIO3MmuHg"><a href="https://www.gruene-hessen.de/landtag/pressemitteilungen/13990/">Einladung zur Pressekonferenz Waldgesetz</a></blockquote><iframe sandbox="allow-scripts" security="restricted" src="https://www.gruene-hessen.de/landtag/pressemitteilungen/13990/embed/#?secret=ekIO3MmuHg" width="600" height="338" title="&#8222;Einladung zur Pressekonferenz Waldgesetz&#8220; &#8211; Fraktion Bündnis 90/Die Grünen im Hessischen Landtag" data-secret="ekIO3MmuHg" frameborder="0" marginwidth="0" marginheight="0" scrolling="no" class="wp-embedded-content"></iframe><script type="text/javascript">
/* <![CDATA[ */
/*! This file is auto-generated */
!function(d,l){"use strict";l.querySelector&&d.addEventListener&&"undefined"!=typeof URL&&(d.wp=d.wp||{},d.wp.receiveEmbedMessage||(d.wp.receiveEmbedMessage=function(e){var t=e.data;if((t||t.secret||t.message||t.value)&&!/[^a-zA-Z0-9]/.test(t.secret)){for(var s,r,n,a=l.querySelectorAll('iframe[data-secret="'+t.secret+'"]'),o=l.querySelectorAll('blockquote[data-secret="'+t.secret+'"]'),c=new RegExp("^https?:$","i"),i=0;i<o.length;i++)o[i].style.display="none";for(i=0;i<a.length;i++)s=a[i],e.source===s.contentWindow&&(s.removeAttribute("style"),"height"===t.message?(1e3<(r=parseInt(t.value,10))?r=1e3:~~r<200&&(r=200),s.height=r):"link"===t.message&&(r=new URL(s.getAttribute("src")),n=new URL(t.value),c.test(n.protocol))&&n.host===r.host&&l.activeElement===s&&(d.top.location.href=t.value))}},d.addEventListener("message",d.wp.receiveEmbedMessage,!1),l.addEventListener("DOMContentLoaded",function(){for(var e,t,s=l.querySelectorAll("iframe.wp-embedded-content"),r=0;r<s.length;r++)(t=(e=s[r]).getAttribute("data-secret"))||(t=Math.random().toString(36).substring(2,12),e.src+="#?secret="+t,e.setAttribute("data-secret",t)),e.contentWindow.postMessage({message:"ready",secret:t},"*")},!1)))}(window,document);
//# sourceURL=https://www.gruene-hessen.de/landtag/wp-includes/js/wp-embed.min.js
/* ]]> */
</script>

Liebe Kolleginnen, liebe Kollegen, der forstpolitische Sprecher der CDU, Dr. Walter Arnold, und die waldpolitische Sprecherin von BÜNDNIS 90/DIE GRÜNEN, Martina Feldmayer, möchten Ihnen gerne gemeinsam mit der Hessischen Umweltministerin, Priska Hinz, in einer Pressekonferenz den Entwurf für eine Änderung des hessischen Waldgesetzes für einen verstärkten Bannwaldschutz vorstellen. Wir laden Sie herzlich ein für Montag, [&hellip;]
